CRAN Package Check Results for Package IAPWS95

Last updated on 2023-03-23 19:50:17 CET.

Flavor Version Tinstall Tcheck Ttotal Status Flags
r-devel-linux-x86_64-debian-clang 1.2.0 14.22 74.97 89.19 ERROR
r-devel-linux-x86_64-debian-gcc 1.2.0 11.71 58.49 70.20 ERROR
r-devel-linux-x86_64-fedora-clang 1.2.0 129.54 ERROR
r-devel-linux-x86_64-fedora-gcc 1.2.0 131.00 ERROR
r-devel-windows-x86_64 1.2.0 59.00 129.00 188.00 ERROR
r-patched-linux-x86_64 1.2.0 14.26 70.73 84.99 OK
r-release-linux-x86_64 1.2.0 12.90 71.23 84.13 OK
r-release-macos-arm64 1.2.0 47.00 OK
r-release-macos-x86_64 1.2.0 60.00 OK
r-release-windows-x86_64 1.2.0 73.00 134.00 207.00 OK
r-oldrel-macos-arm64 1.2.0 35.00 OK
r-oldrel-macos-x86_64 1.2.0 57.00 OK
r-oldrel-windows-ix86+x86_64 1.2.0 35.00 148.00 183.00 OK

Check Details

Version: 1.2.0
Check: examples
Result: ERROR
    Running examples in ‘IAPWS95-Ex.R’ failed
    The error most likely occurred in:
    
    > base::assign(".ptime", proc.time(), pos = "CheckExEnv")
    > ### Name: BT
    > ### Title: Second Virial Coefficient (B), Function of Temperature
    > ### Aliases: BT
    >
    > ### ** Examples
    >
    > Temp <- 500.
    > B_T <- BT(Temp)
    Error in BT(Temp) : DLL requires the use of native symbols
    Execution halted
Flavors: r-devel-linux-x86_64-debian-clang, r-devel-linux-x86_64-debian-gcc

Version: 1.2.0
Check: re-building of vignette outputs
Result: ERROR
    Error(s) in re-building vignettes:
     ...
    --- re-building ‘IAPWS95.Rmd’ using rmarkdown
    Quitting from lines 34-47 (IAPWS95.Rmd)
    Error: processing vignette ‘IAPWS95.Rmd’ failed with diagnostics:
    DLL requires the use of native symbols
    --- failed re-building ‘IAPWS95.Rmd’
    
    SUMMARY: processing the following file failed:
     ‘IAPWS95.Rmd’
    
    Error: Vignette re-building failed.
    Execution halted
Flavors: r-devel-linux-x86_64-debian-clang, r-devel-linux-x86_64-debian-gcc

Version: 1.2.0
Check: examples
Result: ERROR
    Running examples in ‘IAPWS95-Ex.R’ failed
    The error most likely occurred in:
    
    > ### Name: BT
    > ### Title: Second Virial Coefficient (B), Function of Temperature
    > ### Aliases: BT
    >
    > ### ** Examples
    >
    > Temp <- 500.
    > B_T <- BT(Temp)
    Error in BT(Temp) : DLL requires the use of native symbols
    Execution halted
Flavors: r-devel-linux-x86_64-fedora-clang, r-devel-linux-x86_64-fedora-gcc, r-devel-windows-x86_64

Version: 1.2.0
Check: re-building of vignette outputs
Result: ERROR
    Error(s) in re-building vignettes:
    --- re-building ‘IAPWS95.Rmd’ using rmarkdown
    Quitting from lines 34-47 (IAPWS95.Rmd)
    Error: processing vignette 'IAPWS95.Rmd' failed with diagnostics:
    DLL requires the use of native symbols
    --- failed re-building ‘IAPWS95.Rmd’
    
    SUMMARY: processing the following file failed:
     ‘IAPWS95.Rmd’
    
    Error: Vignette re-building failed.
    Execution halted
Flavors: r-devel-linux-x86_64-fedora-clang, r-devel-linux-x86_64-fedora-gcc, r-devel-windows-x86_64