CRAN Package Check Results for Package ICD10gm

Last updated on 2021-11-30 11:51:59 CET.

Flavor Version Tinstall Tcheck Ttotal Status Flags
r-devel-linux-x86_64-debian-clang 1.2.2 42.45 178.94 221.39 OK
r-devel-linux-x86_64-debian-gcc 1.2.2 38.25 131.36 169.61 OK
r-devel-linux-x86_64-fedora-clang 1.2.2 287.37 NOTE
r-devel-linux-x86_64-fedora-gcc 1.2.2 288.79 NOTE
r-devel-windows-x86_64-new-UL 1.2.2 64.00 230.00 294.00 OK
r-devel-windows-x86_64-new-TK 1.2.2 NOTE
r-devel-windows-x86_64-old 1.2.2 58.00 169.00 227.00 OK
r-patched-linux-x86_64 1.2.2 39.14 175.13 214.27 OK
r-patched-solaris-x86 1.2.2 452.00 NOTE
r-release-linux-x86_64 1.2.2 35.26 176.82 212.08 OK
r-release-macos-arm64 1.2.2 NOTE
r-release-macos-x86_64 1.2.2 NOTE
r-release-windows-ix86+x86_64 1.2.2 60.00 221.00 281.00 OK
r-oldrel-macos-x86_64 1.2.2 NOTE
r-oldrel-windows-ix86+x86_64 1.2.2 45.00 158.00 203.00 OK

Check Details

Version: 1.2.2
Check: data for non-ASCII characters
Result: NOTE
     Note: found 303398 marked UTF-8 strings
Flavors: r-devel-linux-x86_64-fedora-clang, r-devel-linux-x86_64-fedora-gcc, r-devel-windows-x86_64-new-TK, r-patched-solaris-x86, r-release-macos-arm64, r-release-macos-x86_64, r-oldrel-macos-x86_64