Last updated on 2023-10-03 17:05:57 CEST.
Flavor | Version | Tinstall | Tcheck | Ttotal | Status | Flags |
---|---|---|---|---|---|---|
r-devel-linux-x86_64-debian-clang | 1.3 | 4.04 | 62.93 | 66.97 | NOTE | |
r-devel-linux-x86_64-debian-gcc | 1.3 | 3.11 | 48.21 | 51.32 | NOTE | |
r-devel-linux-x86_64-fedora-clang | 1.3 | 90.54 | NOTE | |||
r-devel-linux-x86_64-fedora-gcc | 1.3 | 87.05 | NOTE | |||
r-devel-windows-x86_64 | 1.3 | 5.00 | 71.00 | 76.00 | NOTE | |
r-patched-linux-x86_64 | 1.3 | 4.00 | 61.60 | 65.60 | NOTE | |
r-release-linux-x86_64 | 1.3 | 4.26 | 62.10 | 66.36 | NOTE | |
r-release-macos-arm64 | 1.3 | 29.00 | NOTE | |||
r-release-macos-x86_64 | 1.3 | 45.00 | NOTE | |||
r-release-windows-x86_64 | 1.3 | 7.00 | 80.00 | 87.00 | NOTE | |
r-oldrel-macos-arm64 | 1.3 | 31.00 | OK | |||
r-oldrel-macos-x86_64 | 1.3 | 37.00 | OK | |||
r-oldrel-windows-x86_64 | 1.3 | 7.00 | 83.00 | 90.00 | OK |
Version: 1.3
Check: Rd files
Result: NOTE
checkRd: (-1) ICEscale.Rd:53: Escaped LaTeX specials: \^
checkRd: (-1) dpwdg.Rd:14: Escaped LaTeX specials: \$
checkRd: (-1) dpwdg.Rd:15: Escaped LaTeX specials: \$
Flavors: r-devel-linux-x86_64-debian-clang, r-devel-linux-x86_64-debian-gcc, r-devel-linux-x86_64-fedora-clang, r-devel-linux-x86_64-fedora-gcc, r-devel-windows-x86_64, r-patched-linux-x86_64, r-release-linux-x86_64, r-release-macos-arm64, r-release-macos-x86_64, r-release-windows-x86_64