CRAN Package Check Results for Package IETD

Last updated on 2024-03-03 04:12:22 CET.

Flavor Version Tinstall Tcheck Ttotal Status Flags
r-devel-linux-x86_64-debian-clang 1.0.0 6.77 67.13 73.90 OK
r-devel-linux-x86_64-debian-gcc 1.0.0 5.67 50.30 55.97 OK
r-devel-linux-x86_64-fedora-clang 1.0.0 91.08 NOTE
r-devel-linux-x86_64-fedora-gcc 1.0.0 85.99 NOTE
r-devel-windows-x86_64 1.0.0 8.00 84.00 92.00 OK
r-patched-linux-x86_64 1.0.0 6.53 63.23 69.76 OK
r-release-linux-x86_64 1.0.0 5.44 64.58 70.02 OK
r-release-macos-arm64 1.0.0 32.00 OK
r-release-macos-x86_64 1.0.0 46.00 OK
r-release-windows-x86_64 1.0.0 9.00 102.00 111.00 OK
r-oldrel-macos-arm64 1.0.0 39.00 NOTE
r-oldrel-windows-x86_64 1.0.0 10.00 105.00 115.00 OK

Check Details

Version: 1.0.0
Check: dependencies in R code
Result: NOTE Namespace in Imports field not imported from: ‘Rdpack’ All declared Imports should be used. Flavors: r-devel-linux-x86_64-fedora-clang, r-devel-linux-x86_64-fedora-gcc, r-oldrel-macos-arm64