CRAN Package Check Results for Package ILS

Last updated on 2024-06-23 12:55:42 CEST.

Flavor Version Tinstall Tcheck Ttotal Status Flags
r-devel-linux-x86_64-debian-clang 0.3 10.14 101.02 111.16 NOTE
r-devel-linux-x86_64-debian-gcc 0.3 9.94 74.33 84.27 NOTE
r-devel-linux-x86_64-fedora-clang 0.3 137.24 NOTE
r-devel-linux-x86_64-fedora-gcc 0.3 131.41 NOTE
r-devel-windows-x86_64 0.3 12.00 94.00 106.00 NOTE
r-patched-linux-x86_64 0.3 8.52 97.84 106.36 NOTE
r-release-linux-x86_64 0.3 8.87 98.11 106.98 NOTE
r-release-macos-arm64 0.3 42.00 NOTE
r-release-macos-x86_64 0.3 59.00 NOTE
r-release-windows-x86_64 0.3 12.00 95.00 107.00 NOTE
r-oldrel-macos-arm64 0.3 46.00 OK
r-oldrel-macos-x86_64 0.3 73.00 OK
r-oldrel-windows-x86_64 0.3 15.00 110.00 125.00 OK

Check Details

Version: 0.3
Check: Rd files
Result: NOTE checkRd: (-1) lab.qcs.Rd:24: Lost braces 24 | It develops an object of \code{lab.qcs}-code{link{class}} to perform statistical quality control. | ^ checkRd: (-1) lab.qcs.Rd:24: Lost braces 24 | It develops an object of \code{lab.qcs}-code{link{class}} to perform statistical quality control. | ^ Flavors: r-devel-linux-x86_64-debian-clang, r-devel-linux-x86_64-debian-gcc, r-devel-linux-x86_64-fedora-clang, r-devel-linux-x86_64-fedora-gcc, r-devel-windows-x86_64, r-patched-linux-x86_64, r-release-linux-x86_64, r-release-macos-arm64, r-release-macos-x86_64, r-release-windows-x86_64