CRAN Package Check Results for Package IMTest

Last updated on 2021-10-24 08:51:57 CEST.

Flavor Version Tinstall Tcheck Ttotal Status Flags
r-devel-linux-x86_64-debian-clang 1.0.0 7.93 340.28 348.21 OK
r-devel-linux-x86_64-debian-gcc 1.0.0 6.63 251.12 257.75 OK
r-devel-linux-x86_64-fedora-clang 1.0.0 421.00 NOTE
r-devel-linux-x86_64-fedora-gcc 1.0.0 398.62 NOTE
r-devel-windows-x86_64 1.0.0 12.00 458.00 470.00 OK
r-devel-windows-x86_64-gcc10-UCRT 1.0.0 NOTE
r-patched-linux-x86_64 1.0.0 8.02 318.21 326.23 OK
r-patched-solaris-x86 1.0.0 152.10 NOTE
r-release-linux-x86_64 1.0.0 7.50 319.70 327.20 OK
r-release-macos-arm64 1.0.0 NOTE
r-release-macos-x86_64 1.0.0 NOTE
r-release-windows-ix86+x86_64 1.0.0 13.00 470.00 483.00 OK
r-oldrel-macos-x86_64 1.0.0 NOTE
r-oldrel-windows-ix86+x86_64 1.0.0 17.00 451.00 468.00 OK

Check Details

Version: 1.0.0
Check: dependencies in R code
Result: NOTE
    Namespaces in Imports field not imported from:
     ‘lme4’ ‘reshape2’
     All declared Imports should be used.
Flavors: r-devel-linux-x86_64-fedora-clang, r-devel-linux-x86_64-fedora-gcc, r-devel-windows-x86_64-gcc10-UCRT, r-patched-solaris-x86, r-release-macos-arm64, r-release-macos-x86_64, r-oldrel-macos-x86_64