Last updated on 2023-05-28 16:57:52 CEST.
Flavor | Version | Tinstall | Tcheck | Ttotal | Status | Flags |
---|---|---|---|---|---|---|
r-devel-linux-x86_64-debian-clang | 0.1.0 | 28.42 | 209.20 | 237.62 | NOTE | |
r-devel-linux-x86_64-debian-gcc | 0.1.0 | 19.10 | 154.99 | 174.09 | NOTE | |
r-devel-linux-x86_64-fedora-clang | 0.1.0 | 311.39 | NOTE | |||
r-devel-linux-x86_64-fedora-gcc | 0.1.0 | 288.39 | NOTE | |||
r-devel-windows-x86_64 | 0.1.0 | 25.00 | 161.00 | 186.00 | NOTE | |
r-patched-linux-x86_64 | 0.1.0 | 25.57 | 194.10 | 219.67 | NOTE | |
r-release-linux-x86_64 | 0.1.0 | 21.84 | 191.70 | 213.54 | NOTE | |
r-release-macos-arm64 | 0.1.0 | 84.00 | NOTE | |||
r-release-macos-x86_64 | 0.1.0 | 149.00 | NOTE | |||
r-release-windows-x86_64 | 0.1.0 | 31.00 | 193.00 | 224.00 | NOTE | |
r-oldrel-macos-arm64 | 0.1.0 | 67.00 | OK | |||
r-oldrel-macos-x86_64 | 0.1.0 | 113.00 | OK | |||
r-oldrel-windows-x86_64 | 0.1.0 | 32.00 | 191.00 | 223.00 | OK |
Version: 0.1.0
Check: package subdirectories
Result: NOTE
Problems with news in ‘NEWS.md’:
Cannot extract version info from the following section titles:
INSPECTumours (development version)
Flavors: r-devel-linux-x86_64-debian-clang, r-devel-linux-x86_64-debian-gcc, r-devel-linux-x86_64-fedora-clang, r-devel-linux-x86_64-fedora-gcc, r-devel-windows-x86_64, r-patched-linux-x86_64, r-release-linux-x86_64, r-release-macos-arm64, r-release-macos-x86_64, r-release-windows-x86_64
Version: 0.1.0
Check: package dependencies
Result: NOTE
Imports includes 25 non-default packages.
Importing from so many packages makes the package vulnerable to any of
them becoming unavailable. Move as many as possible to Suggests and
use conditionally.
Flavor: r-devel-linux-x86_64-fedora-clang