CRAN Package Check Results for Package INSPECTumours

Last updated on 2024-06-12 20:59:00 CEST.

Flavor Version Tinstall Tcheck Ttotal Status Flags
r-devel-linux-x86_64-debian-clang 0.1.0 41.54 246.68 288.22 NOTE
r-devel-linux-x86_64-debian-gcc 0.1.0 0.46 1.76 2.22 ERROR
r-devel-linux-x86_64-fedora-clang 0.1.0 369.83 NOTE
r-devel-linux-x86_64-fedora-gcc 0.1.0 340.57 NOTE
r-devel-windows-x86_64 0.1.0 28.00 171.00 199.00 NOTE
r-patched-linux-x86_64 0.1.0 32.57 233.04 265.61 NOTE
r-release-linux-x86_64 0.1.0 30.94 238.51 269.45 NOTE
r-release-macos-arm64 0.1.0 88.00 NOTE
r-release-macos-x86_64 0.1.0 120.00 NOTE
r-release-windows-x86_64 0.1.0 29.00 166.00 195.00 NOTE
r-oldrel-macos-arm64 0.1.0 84.00 NOTE
r-oldrel-macos-x86_64 0.1.0 149.00 NOTE
r-oldrel-windows-x86_64 0.1.0 36.00 225.00 261.00 NOTE

Check Details

Version: 0.1.0
Check: package subdirectories
Result: NOTE Problems with news in ‘NEWS.md’: Cannot extract version info from the following section titles: INSPECTumours (development version) Flavors: r-devel-linux-x86_64-debian-clang, r-devel-linux-x86_64-fedora-clang, r-devel-linux-x86_64-fedora-gcc, r-devel-windows-x86_64, r-patched-linux-x86_64, r-release-linux-x86_64, r-release-macos-arm64, r-release-macos-x86_64, r-release-windows-x86_64, r-oldrel-macos-arm64, r-oldrel-macos-x86_64, r-oldrel-windows-x86_64

Version: 0.1.0
Check: package dependencies
Result: ERROR Packages required but not available: 'brms', 'dplyr', 'ggplot2', 'lme4', 'modelr', 'plotly', 'purrr', 'readxl', 'tidybayes', 'tidyr', 'vroom' Package suggested but not available for checking: ‘testthat’ See section ‘The DESCRIPTION file’ in the ‘Writing R Extensions’ manual. Flavor: r-devel-linux-x86_64-debian-gcc

Version: 0.1.0
Check: package dependencies
Result: NOTE Imports includes 25 non-default packages. Importing from so many packages makes the package vulnerable to any of them becoming unavailable. Move as many as possible to Suggests and use conditionally. Flavor: r-devel-linux-x86_64-fedora-clang