Last updated on 2023-03-23 07:54:29 CET.
Flavor | Version | Tinstall | Tcheck | Ttotal | Status | Flags |
---|---|---|---|---|---|---|
r-devel-linux-x86_64-debian-clang | 0.1.4 | 53.52 | 33.98 | 87.50 | NOTE | |
r-devel-linux-x86_64-debian-gcc | 0.1.4 | 47.04 | 26.50 | 73.54 | NOTE | |
r-devel-linux-x86_64-fedora-clang | 0.1.4 | 133.74 | NOTE | |||
r-devel-linux-x86_64-fedora-gcc | 0.1.4 | 124.85 | NOTE | |||
r-devel-windows-x86_64 | 0.1.4 | 132.00 | 97.00 | 229.00 | NOTE | |
r-patched-linux-x86_64 | 0.1.4 | 48.58 | 32.50 | 81.08 | NOTE | |
r-release-linux-x86_64 | 0.1.4 | 46.61 | 32.42 | 79.03 | NOTE | |
r-release-macos-arm64 | 0.1.4 | 35.00 | NOTE | |||
r-release-macos-x86_64 | 0.1.4 | 45.00 | NOTE | |||
r-release-windows-x86_64 | 0.1.4 | 132.00 | 154.00 | 286.00 | NOTE | |
r-oldrel-macos-arm64 | 0.1.4 | 42.00 | NOTE | |||
r-oldrel-macos-x86_64 | 0.1.4 | 66.00 | NOTE | |||
r-oldrel-windows-ix86+x86_64 | 0.1.4 | 155.00 | 91.00 | 246.00 | NOTE |
Version: 0.1.4
Check: C++ specification
Result: NOTE
Specified C++11: please drop specification unless essential
Flavors: r-devel-linux-x86_64-debian-clang, r-devel-linux-x86_64-debian-gcc, r-devel-linux-x86_64-fedora-clang, r-devel-linux-x86_64-fedora-gcc, r-devel-windows-x86_64
Version: 0.1.4
Check: LazyData
Result: NOTE
'LazyData' is specified without a 'data' directory
Flavors: r-devel-linux-x86_64-debian-clang, r-devel-linux-x86_64-debian-gcc, r-devel-linux-x86_64-fedora-clang, r-devel-linux-x86_64-fedora-gcc, r-devel-windows-x86_64, r-patched-linux-x86_64, r-release-linux-x86_64, r-release-macos-arm64, r-release-macos-x86_64, r-release-windows-x86_64, r-oldrel-macos-arm64, r-oldrel-macos-x86_64, r-oldrel-windows-ix86+x86_64
Version: 0.1.4
Check: installed package size
Result: NOTE
installed size is 6.6Mb
sub-directories of 1Mb or more:
libs 6.4Mb
Flavors: r-release-macos-arm64, r-release-macos-x86_64, r-oldrel-macos-arm64, r-oldrel-macos-x86_64