CRAN Package Check Results for Package IPCAPS

Last updated on 2022-12-02 19:49:42 CET.

Flavor Version Tinstall Tcheck Ttotal Status Flags
r-devel-linux-x86_64-debian-clang 1.1.8 15.32 191.61 206.93 OK
r-devel-linux-x86_64-debian-gcc 1.1.8 13.02 142.45 155.47 OK
r-devel-linux-x86_64-fedora-clang 1.1.8 262.32 NOTE
r-devel-linux-x86_64-fedora-gcc 1.1.8 262.48 NOTE
r-devel-windows-x86_64 1.1.8 35.00 223.00 258.00 OK
r-patched-linux-x86_64 1.1.8 16.10 181.96 198.06 OK
r-release-linux-x86_64 1.1.8 13.97 181.67 195.64 OK
r-release-macos-arm64 1.1.8 73.00 NOTE
r-release-macos-x86_64 1.1.8 98.00 NOTE
r-release-windows-x86_64 1.1.8 27.00 222.00 249.00 OK
r-oldrel-macos-arm64 1.1.8 79.00 NOTE
r-oldrel-macos-x86_64 1.1.8 108.00 NOTE
r-oldrel-windows-ix86+x86_64 1.1.8 33.00 208.00 241.00 OK

Check Details

Version: 1.1.8
Check: dependencies in R code
Result: NOTE
    Namespaces in Imports field not imported from:
     ‘Matrix’ ‘expm’
     All declared Imports should be used.
Flavors: r-devel-linux-x86_64-fedora-clang, r-devel-linux-x86_64-fedora-gcc, r-release-macos-arm64, r-release-macos-x86_64, r-oldrel-macos-arm64, r-oldrel-macos-x86_64