CRAN Package Check Results for Package IPDFileCheck

Last updated on 2021-12-02 00:49:13 CET.

Flavor Version Tinstall Tcheck Ttotal Status Flags
r-devel-linux-x86_64-debian-clang 0.7.2 15.03 436.35 451.38 OK
r-devel-linux-x86_64-debian-gcc 0.7.2 12.18 307.09 319.27 OK
r-devel-linux-x86_64-fedora-clang 0.7.2 594.90 NOTE
r-devel-linux-x86_64-fedora-gcc 0.7.2 197.18 NOTE
r-devel-windows-x86_64-new-UL 0.7.2 34.00 300.00 334.00 OK
r-devel-windows-x86_64-new-TK 0.7.2 NOTE
r-devel-windows-x86_64-old 0.7.2 28.00 219.00 247.00 OK
r-patched-linux-x86_64 0.7.2 13.11 408.81 421.92 OK
r-patched-solaris-x86 0.7.2 805.90 NOTE
r-release-linux-x86_64 0.7.2 11.05 399.44 410.49 OK
r-release-macos-arm64 0.7.2 NOTE
r-release-macos-x86_64 0.7.2 NOTE
r-release-windows-ix86+x86_64 0.7.2 45.00 279.00 324.00 OK
r-oldrel-macos-x86_64 0.7.2 NOTE
r-oldrel-windows-ix86+x86_64 0.7.2 47.00 283.00 330.00 OK

Check Details

Version: 0.7.2
Check: dependencies in R code
Result: NOTE
    Namespaces in Imports field not imported from:
     ‘testthat’ ‘tidyverse’
     All declared Imports should be used.
Flavors: r-devel-linux-x86_64-fedora-clang, r-devel-linux-x86_64-fedora-gcc, r-devel-windows-x86_64-new-TK, r-patched-solaris-x86, r-release-macos-arm64, r-release-macos-x86_64, r-oldrel-macos-x86_64