CRAN Package Check Results for Package IRexamples

Last updated on 2023-05-31 16:56:54 CEST.

Flavor Version Tinstall Tcheck Ttotal Status Flags
r-devel-linux-x86_64-debian-clang 0.0.2 19.52 263.52 283.04 OK
r-devel-linux-x86_64-debian-gcc 0.0.2 15.11 197.13 212.24 OK
r-devel-linux-x86_64-fedora-clang 0.0.2 363.32 NOTE
r-devel-linux-x86_64-fedora-gcc 0.0.2 377.29 ERROR
r-devel-windows-x86_64 0.0.2 23.00 185.00 208.00 NOTE
r-patched-linux-x86_64 0.0.2 OK
r-release-linux-x86_64 0.0.2 18.95 245.24 264.19 OK
r-release-macos-arm64 0.0.2 136.00 NOTE
r-release-macos-x86_64 0.0.2 195.00 NOTE
r-release-windows-x86_64 0.0.2 24.00 246.00 270.00 NOTE
r-oldrel-macos-arm64 0.0.2 95.00 NOTE
r-oldrel-macos-x86_64 0.0.2 139.00 NOTE
r-oldrel-windows-x86_64 0.0.2 25.00 246.00 271.00 NOTE

Check Details

Version: 0.0.2
Check: installed package size
Result: NOTE
     installed size is 5.6Mb
     sub-directories of 1Mb or more:
     doc 5.2Mb
Flavors: r-devel-linux-x86_64-fedora-clang, r-devel-windows-x86_64, r-release-macos-arm64, r-release-macos-x86_64, r-release-windows-x86_64, r-oldrel-macos-arm64, r-oldrel-macos-x86_64, r-oldrel-windows-x86_64

Version: 0.0.2
Check: data for non-ASCII characters
Result: NOTE
     Note: found 1 marked UTF-8 string
Flavors: r-devel-linux-x86_64-fedora-clang, r-devel-linux-x86_64-fedora-gcc, r-oldrel-macos-arm64, r-oldrel-macos-x86_64

Version: 0.0.2
Check: re-building of vignette outputs
Result: ERROR
    Error(s) in re-building vignettes:
    --- re-building ‘Ex-01-Propensity-Score-Weights-Using-GBM.Rmd’ using rmarkdown
    --- finished re-building ‘Ex-01-Propensity-Score-Weights-Using-GBM.Rmd’
    
    --- re-building ‘Ex-02-Adjusting-For-Survey-Non-Response-Using-Weights.Rmd’ using rmarkdown
    --- finished re-building ‘Ex-02-Adjusting-For-Survey-Non-Response-Using-Weights.Rmd’
    
    --- re-building ‘Ex-03-Instructor-Level-Effects-With-Bayesian-Multilevel-Models.Rmd’ using rmarkdown
    --- finished re-building ‘Ex-03-Instructor-Level-Effects-With-Bayesian-Multilevel-Models.Rmd’
    
    --- re-building ‘Ex-04-Webscraping-Online-Data-Files.Rmd’ using rmarkdown
    --- finished re-building ‘Ex-04-Webscraping-Online-Data-Files.Rmd’
    
    --- re-building ‘Ex-05-Geocoding-Addresses.Rmd’ using rmarkdown
    Could not fetch https://live.staticflickr.com/65535/52281215770_46b517df91_o.png
    HttpExceptionRequest Request {
     host = "live.staticflickr.com"
     port = 443
     secure = True
     requestHeaders = []
     path = "/65535/52281215770_46b517df91_o.png"
     queryString = ""
     method = "GET"
     proxy = Nothing
     rawBody = False
     redirectCount = 10
     responseTimeout = ResponseTimeoutDefault
     requestVersion = HTTP/1.1
    }
     ConnectionTimeout
    Error: processing vignette 'Ex-05-Geocoding-Addresses.Rmd' failed with diagnostics:
    pandoc document conversion failed with error 61
    --- failed re-building ‘Ex-05-Geocoding-Addresses.Rmd’
    
    SUMMARY: processing the following file failed:
     ‘Ex-05-Geocoding-Addresses.Rmd’
    
    Error: Vignette re-building failed.
    Execution halted
Flavor: r-devel-linux-x86_64-fedora-gcc