CRAN Package Check Results for Package ISM

Last updated on 2024-03-05 08:18:30 CET.

Flavor Version Tinstall Tcheck Ttotal Status Flags
r-devel-linux-x86_64-debian-clang 0.1.0 9.25 81.24 90.49 NOTE
r-devel-linux-x86_64-debian-gcc 0.1.0 6.79 59.63 66.42 NOTE
r-devel-linux-x86_64-fedora-clang 0.1.0 109.59 NOTE
r-devel-linux-x86_64-fedora-gcc 0.1.0 113.87 NOTE
r-devel-windows-x86_64 0.1.0 7.00 68.00 75.00 NOTE
r-patched-linux-x86_64 0.1.0 9.26 79.86 89.12 NOTE
r-release-linux-x86_64 0.1.0 8.32 80.40 88.72 NOTE
r-release-macos-arm64 0.1.0 38.00 NOTE
r-release-macos-x86_64 0.1.0 48.00 NOTE
r-release-windows-x86_64 0.1.0 6.00 71.00 77.00 NOTE
r-oldrel-macos-arm64 0.1.0 34.00 NOTE
r-oldrel-windows-x86_64 0.1.0 8.00 76.00 84.00 NOTE

Check Details

Version: 0.1.0
Check: LazyData
Result: NOTE 'LazyData' is specified without a 'data' directory Flavors: r-devel-linux-x86_64-debian-clang, r-devel-linux-x86_64-debian-gcc, r-devel-linux-x86_64-fedora-clang, r-devel-linux-x86_64-fedora-gcc, r-devel-windows-x86_64, r-patched-linux-x86_64, r-release-linux-x86_64, r-release-macos-arm64, r-release-macos-x86_64, r-release-windows-x86_64, r-oldrel-macos-arm64, r-oldrel-windows-x86_64