CRAN Package Check Results for Package ISOcodes

Last updated on 2024-02-22 11:50:38 CET.

Flavor Version Tinstall Tcheck Ttotal Status Flags
r-devel-linux-x86_64-debian-clang 2024.02.12 OK
r-devel-linux-x86_64-debian-gcc 2024.02.12 1.36 12.68 14.04 OK
r-devel-linux-x86_64-fedora-clang 2024.02.12 23.76 NOTE
r-devel-linux-x86_64-fedora-gcc 2024.02.12 23.60 NOTE
r-devel-windows-x86_64 2024.02.12 3.00 35.00 38.00 OK
r-patched-linux-x86_64 2024.02.12 2.23 16.03 18.26 OK
r-release-linux-x86_64 2024.02.12 1.49 15.94 17.43 OK
r-release-macos-arm64 2024.02.12 20.00 OK
r-release-macos-x86_64 2024.02.12 30.00 OK
r-release-windows-x86_64 2024.02.12 4.00 28.00 32.00 OK
r-oldrel-macos-arm64 2024.02.12 22.00 OK
r-oldrel-windows-x86_64 2024.02.12 4.00 31.00 35.00 OK

Check Details

Version: 2024.02.12
Check: Rd cross-references
Result: NOTE Undeclared package ‘Unicode’ in Rd xrefs Flavor: r-devel-linux-x86_64-fedora-clang

Version: 2024.02.12
Check: data for non-ASCII characters
Result: NOTE Note: found 7479 marked UTF-8 strings Flavors: r-devel-linux-x86_64-fedora-clang, r-devel-linux-x86_64-fedora-gcc