Last updated on 2023-03-27 20:52:17 CEST.
Flavor | Version | Tinstall | Tcheck | Ttotal | Status | Flags |
---|---|---|---|---|---|---|
r-devel-linux-x86_64-debian-clang | 1.1.3 | 28.91 | 55.17 | 84.08 | NOTE | |
r-devel-linux-x86_64-debian-gcc | 1.1.3 | 21.88 | 42.84 | 64.72 | NOTE | |
r-devel-linux-x86_64-fedora-clang | 1.1.3 | 115.39 | NOTE | |||
r-devel-linux-x86_64-fedora-gcc | 1.1.3 | 119.22 | NOTE | |||
r-patched-linux-x86_64 | 1.1.3 | 21.77 | 53.10 | 74.87 | NOTE | |
r-release-linux-x86_64 | 1.1.3 | 21.70 | 53.79 | 75.49 | OK | |
r-release-macos-arm64 | 1.1.3 | 37.00 | OK | |||
r-release-macos-x86_64 | 1.1.3 | 46.00 | OK | |||
r-release-windows-x86_64 | 1.1.3 | 105.00 | 141.00 | 246.00 | OK | |
r-oldrel-macos-arm64 | 1.1.3 | 42.00 | OK | |||
r-oldrel-macos-x86_64 | 1.1.3 | 66.00 | OK | |||
r-oldrel-windows-ix86+x86_64 | 1.1.3 | 69.00 | 116.00 | 185.00 | OK |
Version: 1.1.3
Check: Rd files
Result: NOTE
checkRd: (-1) ISOpureS1.model_optimize.kappa.kappa_deriv_loglikelihood.Rd:9: Escaped LaTeX specials: \$
checkRd: (-1) ISOpureS1.model_optimize.kappa.kappa_deriv_loglikelihood.Rd:14: Escaped LaTeX specials: \$
checkRd: (-1) ISOpureS1.model_optimize.kappa.kappa_loglikelihood.Rd:11: Escaped LaTeX specials: \$
checkRd: (-1) ISOpureS2.model_optimize.kappa.kappa_deriv_loglikelihood.Rd:11: Escaped LaTeX specials: \$
checkRd: (-1) ISOpureS2.model_optimize.kappa.kappa_loglikelihood.Rd:11: Escaped LaTeX specials: \$
Flavors: r-devel-linux-x86_64-debian-clang, r-devel-linux-x86_64-debian-gcc, r-devel-linux-x86_64-fedora-clang, r-devel-linux-x86_64-fedora-gcc, r-patched-linux-x86_64