CRAN Package Check Results for Package ImportExport

Last updated on 2024-06-12 20:58:59 CEST.

Flavor Version Tinstall Tcheck Ttotal Status Flags
r-devel-linux-x86_64-debian-clang 1.3 7.97 66.17 74.14 OK
r-devel-linux-x86_64-debian-gcc 1.3 0.38 1.74 2.12 ERROR
r-devel-linux-x86_64-fedora-clang 1.3 97.60 OK
r-devel-linux-x86_64-fedora-gcc 1.3 88.17 OK
r-devel-windows-x86_64 1.3 8.00 71.00 79.00 OK
r-patched-linux-x86_64 1.3 13.76 65.17 78.93 OK
r-release-linux-x86_64 1.3 5.29 66.40 71.69 OK
r-release-macos-arm64 1.3 29.00 OK
r-release-macos-x86_64 1.3 43.00 OK
r-release-windows-x86_64 1.3 9.00 70.00 79.00 OK
r-oldrel-macos-arm64 1.3 33.00 OK
r-oldrel-macos-x86_64 1.3 49.00 OK
r-oldrel-windows-x86_64 1.3 11.00 86.00 97.00 OK

Check Details

Version: 1.3
Check: package dependencies
Result: ERROR Packages required but not available: 'Hmisc', 'readxl', 'haven' Package suggested but not available for checking: ‘compareGroups’ See section ‘The DESCRIPTION file’ in the ‘Writing R Extensions’ manual. Flavor: r-devel-linux-x86_64-debian-gcc