CRAN Package Check Results for Package InfiniumPurify

Last updated on 2024-03-05 08:18:30 CET.

Flavor Version Tinstall Tcheck Ttotal Status Flags
r-devel-linux-x86_64-debian-clang 1.3.1 2.80 43.03 45.83 OK
r-devel-linux-x86_64-debian-gcc 1.3.1 2.17 31.79 33.96 OK
r-devel-linux-x86_64-fedora-clang 1.3.1 54.90 NOTE
r-devel-linux-x86_64-fedora-gcc 1.3.1 53.36 OK
r-devel-windows-x86_64 1.3.1 3.00 53.00 56.00 OK
r-patched-linux-x86_64 1.3.1 2.99 42.04 45.03 OK
r-release-linux-x86_64 1.3.1 2.86 42.29 45.15 OK
r-release-macos-arm64 1.3.1 26.00 NOTE
r-release-macos-x86_64 1.3.1 33.00 NOTE
r-release-windows-x86_64 1.3.1 3.00 54.00 57.00 OK
r-oldrel-macos-arm64 1.3.1 24.00 OK
r-oldrel-windows-x86_64 1.3.1 4.00 58.00 62.00 OK

Check Details

Version: 1.3.1
Check: Rd cross-references
Result: NOTE Undeclared package ‘minfi’ in Rd xrefs Flavor: r-devel-linux-x86_64-fedora-clang

Version: 1.3.1
Check: Rd cross-references
Result: NOTE Package unavailable to check Rd xrefs: ‘minfi’ Flavors: r-release-macos-arm64, r-release-macos-x86_64