CRAN Package Check Results for Package IsoGene

Last updated on 2022-01-26 23:50:22 CET.

Flavor Version Tinstall Tcheck Ttotal Status Flags
r-devel-linux-x86_64-debian-clang 1.0-24 7.81 95.79 103.60 OK
r-devel-linux-x86_64-debian-gcc 1.0-24 6.78 72.61 79.39 OK
r-devel-linux-x86_64-fedora-clang 1.0-24 127.81 NOTE
r-devel-linux-x86_64-fedora-gcc 1.0-24 116.83 OK
r-devel-windows-x86_64-new-UL 1.0-24 43.00 134.00 177.00 OK
r-devel-windows-x86_64-new-TK 1.0-24 OK
r-patched-linux-x86_64 1.0-24 8.57 92.35 100.92 OK
r-release-linux-x86_64 1.0-24 8.66 91.31 99.97 OK
r-release-windows-ix86+x86_64 1.0-24 15.00 109.00 124.00 OK
r-oldrel-windows-ix86+x86_64 1.0-24 15.00 107.00 122.00 OK

Check Details

Version: 1.0-24
Check: Rd cross-references
Result: NOTE
    Undeclared package ‘multtest’ in Rd xrefs
Flavor: r-devel-linux-x86_64-fedora-clang