Last updated on 2023-03-28 16:51:47 CEST.
Flavor | Version | Tinstall | Tcheck | Ttotal | Status | Flags |
---|---|---|---|---|---|---|
r-devel-linux-x86_64-debian-clang | 2.1.3 | 37.52 | 29.79 | 67.31 | NOTE | |
r-devel-linux-x86_64-debian-gcc | 2.1.3 | 28.29 | 23.40 | 51.69 | NOTE | |
r-devel-linux-x86_64-fedora-clang | 2.1.3 | 108.82 | NOTE | |||
r-devel-linux-x86_64-fedora-gcc | 2.1.3 | 86.76 | NOTE | |||
r-patched-linux-x86_64 | 2.1.3 | 31.14 | 28.78 | 59.92 | NOTE | |
r-release-linux-x86_64 | 2.1.3 | 28.35 | 30.14 | 58.49 | OK | |
r-release-macos-arm64 | 2.1.3 | 28.00 | OK | |||
r-release-macos-x86_64 | 2.1.3 | 38.00 | OK | |||
r-release-windows-x86_64 | 2.1.3 | 51.00 | 87.00 | 138.00 | OK | |
r-oldrel-macos-arm64 | 2.1.3 | 31.00 | OK | |||
r-oldrel-macos-x86_64 | 2.1.3 | 52.00 | OK | |||
r-oldrel-windows-ix86+x86_64 | 2.1.3 | 96.00 | 82.00 | 178.00 | OK |
Version: 2.1.3
Check: C++ specification
Result: NOTE
Specified C++14: please drop specification unless essential
Flavors: r-devel-linux-x86_64-debian-clang, r-devel-linux-x86_64-debian-gcc, r-devel-linux-x86_64-fedora-clang, r-devel-linux-x86_64-fedora-gcc, r-patched-linux-x86_64