Last updated on 2023-10-01 16:56:02 CEST.
Flavor | Version | Tinstall | Tcheck | Ttotal | Status | Flags |
---|---|---|---|---|---|---|
r-devel-linux-x86_64-debian-clang | 0.1.19 | 20.78 | 204.28 | 225.06 | OK | |
r-devel-linux-x86_64-debian-gcc | 0.1.19 | 18.06 | 147.13 | 165.19 | OK | |
r-devel-linux-x86_64-fedora-clang | 0.1.19 | 276.89 | OK | |||
r-devel-linux-x86_64-fedora-gcc | 0.1.19 | 276.05 | OK | |||
r-devel-windows-x86_64 | 0.1.19 | 20.00 | 181.00 | 201.00 | OK | |
r-patched-linux-x86_64 | 0.1.19 | 26.07 | 190.09 | 216.16 | OK | |
r-release-linux-x86_64 | 0.1.19 | 14.19 | 193.87 | 208.06 | OK | |
r-release-macos-arm64 | 0.1.19 | 93.00 | OK | |||
r-release-macos-x86_64 | 0.1.19 | 209.00 | NOTE | |||
r-release-windows-x86_64 | 0.1.19 | 24.00 | 208.00 | 232.00 | OK | |
r-oldrel-macos-arm64 | 0.1.19 | 88.00 | OK | |||
r-oldrel-macos-x86_64 | 0.1.19 | 114.00 | OK | |||
r-oldrel-windows-x86_64 | 0.1.19 | 28.00 | 199.00 | 227.00 | OK |
Version: 0.1.19
Check: installed package size
Result: NOTE
installed size is 5.6Mb
sub-directories of 1Mb or more:
data 5.1Mb
Flavor: r-release-macos-x86_64