CRAN Package Check Results for Package JOPS

Last updated on 2022-01-18 03:52:16 CET.

Flavor Version Tinstall Tcheck Ttotal Status Flags
r-devel-linux-x86_64-debian-clang 0.1.15 14.34 141.24 155.58 OK
r-devel-linux-x86_64-debian-gcc 0.1.15 10.25 107.52 117.77 OK
r-devel-linux-x86_64-fedora-clang 0.1.15 189.84 NOTE
r-devel-linux-x86_64-fedora-gcc 0.1.15 175.94 NOTE
r-devel-windows-x86_64-new-UL 0.1.15 63.00 164.00 227.00 OK
r-devel-windows-x86_64-new-TK 0.1.15 NOTE
r-patched-linux-x86_64 0.1.15 20.84 137.11 157.95 OK
r-release-linux-x86_64 0.1.15 OK
r-release-macos-arm64 0.1.15 NOTE
r-release-macos-x86_64 0.1.15 NOTE
r-release-windows-ix86+x86_64 0.1.15 29.00 174.00 203.00 OK
r-oldrel-macos-x86_64 0.1.15 NOTE
r-oldrel-windows-ix86+x86_64 0.1.15 29.00 176.00 205.00 OK

Check Details

Version: 0.1.15
Check: dependencies in R code
Result: NOTE
    Namespaces in Imports field not imported from:
     ‘MASS’ ‘boot’ ‘fds’ ‘rpart’
     All declared Imports should be used.
Flavors: r-devel-linux-x86_64-fedora-clang, r-devel-linux-x86_64-fedora-gcc, r-devel-windows-x86_64-new-TK, r-release-macos-arm64, r-release-macos-x86_64, r-oldrel-macos-x86_64