Last updated on 2023-03-23 11:59:42 CET.
Flavor | Version | Tinstall | Tcheck | Ttotal | Status | Flags |
---|---|---|---|---|---|---|
r-devel-linux-x86_64-debian-clang | 1.0.1 | 279.23 | 213.34 | 492.57 | OK | |
r-devel-linux-x86_64-debian-gcc | 1.0.1 | 215.52 | 156.39 | 371.91 | OK | |
r-devel-linux-x86_64-fedora-clang | 1.0.1 | 719.69 | OK | |||
r-devel-linux-x86_64-fedora-gcc | 1.0.1 | 666.41 | OK | |||
r-devel-windows-x86_64 | 1.0.1 | 235.00 | 266.00 | 501.00 | OK | |
r-patched-linux-x86_64 | 1.0.1 | 226.10 | 201.63 | 427.73 | OK | |
r-release-linux-x86_64 | 1.0.1 | 210.26 | 208.34 | 418.60 | OK | |
r-release-macos-arm64 | 1.0.1 | 159.00 | NOTE | |||
r-release-macos-x86_64 | 1.0.1 | 220.00 | NOTE | |||
r-release-windows-x86_64 | 1.0.1 | 202.00 | 272.00 | 474.00 | OK | |
r-oldrel-macos-arm64 | 1.0.1 | 177.00 | NOTE | |||
r-oldrel-macos-x86_64 | 1.0.1 | 344.00 | NOTE | |||
r-oldrel-windows-ix86+x86_64 | 1.0.1 | 650.00 | 427.00 | 1077.00 | OK |
Version: 1.0.1
Check: installed package size
Result: NOTE
installed size is 16.9Mb
sub-directories of 1Mb or more:
libs 16.4Mb
Flavors: r-release-macos-arm64, r-release-macos-x86_64, r-oldrel-macos-arm64, r-oldrel-macos-x86_64