CRAN Package Check Results for Package JustifyAlpha

Last updated on 2021-11-29 15:51:15 CET.

Flavor Version Tinstall Tcheck Ttotal Status Flags
r-devel-linux-x86_64-debian-clang 0.1.1 3.40 135.64 139.04 OK
r-devel-linux-x86_64-debian-gcc 0.1.1 2.75 96.63 99.38 OK
r-devel-linux-x86_64-fedora-clang 0.1.1 172.47 NOTE
r-devel-linux-x86_64-fedora-gcc 0.1.1 171.30 NOTE
r-devel-windows-x86_64-new-UL 0.1.1 11.00 210.00 221.00 OK
r-devel-windows-x86_64-new-TK 0.1.1 NOTE
r-devel-windows-x86_64-old 0.1.1 8.00 131.00 139.00 OK
r-patched-linux-x86_64 0.1.1 3.38 129.07 132.45 OK
r-patched-solaris-x86 0.1.1 98.10 NOTE
r-release-linux-x86_64 0.1.1 3.22 132.50 135.72 OK
r-release-macos-arm64 0.1.1 NOTE
r-release-macos-x86_64 0.1.1 NOTE
r-release-windows-ix86+x86_64 0.1.1 10.00 164.00 174.00 OK
r-oldrel-macos-x86_64 0.1.1 NOTE
r-oldrel-windows-ix86+x86_64 0.1.1 8.00 129.00 137.00 OK

Check Details

Version: 0.1.1
Check: dependencies in R code
Result: NOTE
    Namespaces in Imports field not imported from:
     ‘Superpower’ ‘pwr’ ‘shinydashboard’
     All declared Imports should be used.
Flavors: r-devel-linux-x86_64-fedora-clang, r-devel-linux-x86_64-fedora-gcc, r-devel-windows-x86_64-new-TK, r-patched-solaris-x86, r-release-macos-arm64, r-release-macos-x86_64, r-oldrel-macos-x86_64