Last updated on 2023-05-28 04:56:18 CEST.
Flavor | Version | Tinstall | Tcheck | Ttotal | Status | Flags |
---|---|---|---|---|---|---|
r-devel-linux-x86_64-debian-clang | 0.3 | 1.55 | 21.01 | 22.56 | OK | |
r-devel-linux-x86_64-debian-gcc | 0.3 | 1.98 | 16.58 | 18.56 | OK | |
r-devel-linux-x86_64-fedora-clang | 0.3 | 31.50 | NOTE | |||
r-devel-linux-x86_64-fedora-gcc | 0.3 | 30.80 | NOTE | |||
r-devel-windows-x86_64 | 0.3 | 4.00 | 40.00 | 44.00 | OK | |
r-patched-linux-x86_64 | 0.3 | 2.05 | 20.41 | 22.46 | OK | |
r-release-linux-x86_64 | 0.3 | 1.97 | 20.36 | 22.33 | OK | |
r-release-macos-arm64 | 0.3 | 18.00 | OK | |||
r-release-macos-x86_64 | 0.3 | 19.00 | OK | |||
r-release-windows-x86_64 | 0.3 | 4.00 | 40.00 | 44.00 | OK | |
r-oldrel-macos-arm64 | 0.3 | 15.00 | NOTE | |||
r-oldrel-macos-x86_64 | 0.3 | 24.00 | NOTE | |||
r-oldrel-windows-x86_64 | 0.3 | 4.00 | 41.00 | 45.00 | OK |
Version: 0.3
Check: dependencies in R code
Result: NOTE
Namespaces in Imports field not imported from:
‘lme4’ ‘metafor’ ‘nlme’
All declared Imports should be used.
Flavors: r-devel-linux-x86_64-fedora-clang, r-devel-linux-x86_64-fedora-gcc, r-oldrel-macos-arm64, r-oldrel-macos-x86_64