Last updated on 2023-03-21 11:53:51 CET.
Flavor | Version | Tinstall | Tcheck | Ttotal | Status | Flags |
---|---|---|---|---|---|---|
r-devel-linux-x86_64-debian-clang | 1.1.5 | 35.31 | 91.08 | 126.39 | NOTE | |
r-devel-linux-x86_64-debian-gcc | 1.1.5 | 28.57 | 64.90 | 93.47 | NOTE | |
r-devel-linux-x86_64-fedora-clang | 1.1.5 | 163.96 | NOTE | |||
r-devel-linux-x86_64-fedora-gcc | 1.1.5 | 172.89 | NOTE | |||
r-devel-windows-x86_64 | 1.1.5 | 49.00 | 143.00 | 192.00 | NOTE | |
r-patched-linux-x86_64 | 1.1.5 | 30.90 | 87.24 | 118.14 | OK | |
r-release-linux-x86_64 | 1.1.5 | 33.52 | 86.77 | 120.29 | OK | |
r-release-macos-arm64 | 1.1.5 | 45.00 | OK | |||
r-release-macos-x86_64 | 1.1.5 | 64.00 | OK | |||
r-release-windows-x86_64 | 1.1.5 | 60.00 | 147.00 | 207.00 | OK | |
r-oldrel-macos-arm64 | 1.1.5 | 51.00 | OK | |||
r-oldrel-macos-x86_64 | 1.1.5 | 68.00 | OK | |||
r-oldrel-windows-ix86+x86_64 | 1.1.5 | 90.00 | 196.00 | 286.00 | OK |
Version: 1.1.5
Check: C++ specification
Result: NOTE
Specified C++11: please drop specification unless essential
Flavors: r-devel-linux-x86_64-debian-clang, r-devel-linux-x86_64-debian-gcc, r-devel-linux-x86_64-fedora-clang, r-devel-linux-x86_64-fedora-gcc, r-devel-windows-x86_64