CRAN Package Check Results for Package KoulMde

Last updated on 2024-03-05 08:18:31 CET.

Flavor Version Tinstall Tcheck Ttotal Status Flags
r-devel-linux-x86_64-debian-clang 3.2.1 50.25 68.59 118.84 NOTE
r-devel-linux-x86_64-debian-gcc 3.2.1 45.24 51.77 97.01 NOTE
r-devel-linux-x86_64-fedora-clang 3.2.1 178.50 NOTE
r-devel-linux-x86_64-fedora-gcc 3.2.1 168.79 NOTE
r-devel-windows-x86_64 3.2.1 43.00 88.00 131.00 NOTE
r-patched-linux-x86_64 3.2.1 54.56 66.05 120.61 NOTE
r-release-linux-x86_64 3.2.1 57.65 66.69 124.34 NOTE
r-release-macos-arm64 3.2.1 51.00 NOTE
r-release-macos-x86_64 3.2.1 77.00 NOTE
r-release-windows-x86_64 3.2.1 56.00 100.00 156.00 NOTE
r-oldrel-macos-arm64 3.2.1 42.00 NOTE
r-oldrel-windows-x86_64 3.2.1 55.00 100.00 155.00 NOTE

Check Details

Version: 3.2.1
Check: C++ specification
Result: NOTE Specified C++11: please drop specification unless essential Flavors: r-devel-linux-x86_64-debian-clang, r-devel-linux-x86_64-debian-gcc, r-devel-linux-x86_64-fedora-clang, r-devel-linux-x86_64-fedora-gcc, r-devel-windows-x86_64, r-patched-linux-x86_64, r-release-linux-x86_64, r-release-macos-arm64, r-release-macos-x86_64, r-release-windows-x86_64

Version: 3.2.1
Check: LazyData
Result: NOTE 'LazyData' is specified without a 'data' directory Flavors: r-devel-linux-x86_64-debian-clang, r-devel-linux-x86_64-debian-gcc, r-devel-linux-x86_64-fedora-clang, r-devel-linux-x86_64-fedora-gcc, r-devel-windows-x86_64, r-patched-linux-x86_64, r-release-linux-x86_64, r-release-macos-arm64, r-release-macos-x86_64, r-release-windows-x86_64, r-oldrel-macos-arm64, r-oldrel-windows-x86_64