Last updated on 2023-03-23 07:54:30 CET.
Flavor | Version | Tinstall | Tcheck | Ttotal | Status | Flags |
---|---|---|---|---|---|---|
r-devel-linux-x86_64-debian-clang | 2.2 | 35.30 | 28.50 | 63.80 | NOTE | |
r-devel-linux-x86_64-debian-gcc | 2.2 | 26.95 | 22.46 | 49.41 | NOTE | |
r-devel-linux-x86_64-fedora-clang | 2.2 | 99.84 | NOTE | |||
r-devel-linux-x86_64-fedora-gcc | 2.2 | 89.62 | NOTE | |||
r-devel-windows-x86_64 | 2.2 | 37.00 | 80.00 | 117.00 | NOTE | |
r-patched-linux-x86_64 | 2.2 | 33.41 | 28.92 | 62.33 | OK | |
r-release-linux-x86_64 | 2.2 | 33.43 | 28.23 | 61.66 | OK | |
r-release-macos-arm64 | 2.2 | 31.00 | OK | |||
r-release-macos-x86_64 | 2.2 | 38.00 | OK | |||
r-release-windows-x86_64 | 2.2 | 35.00 | 81.00 | 116.00 | OK | |
r-oldrel-macos-arm64 | 2.2 | 33.00 | OK | |||
r-oldrel-macos-x86_64 | 2.2 | 40.00 | OK | |||
r-oldrel-windows-ix86+x86_64 | 2.2 | 92.00 | 83.00 | 175.00 | OK |
Version: 2.2
Check: C++ specification
Result: NOTE
Specified C++11: please drop specification unless essential
Flavors: r-devel-linux-x86_64-debian-clang, r-devel-linux-x86_64-debian-gcc, r-devel-linux-x86_64-fedora-clang, r-devel-linux-x86_64-fedora-gcc, r-devel-windows-x86_64