CRAN Package Check Results for Package LAGOSNE

Last updated on 2024-03-04 16:02:01 CET.

Flavor Version Tinstall Tcheck Ttotal Status Flags
r-devel-linux-x86_64-debian-clang 2.0.3 7.46 85.64 93.10 NOTE
r-devel-linux-x86_64-debian-gcc 2.0.3 7.84 64.86 72.70 NOTE
r-devel-linux-x86_64-fedora-clang 2.0.3 123.47 NOTE
r-devel-linux-x86_64-fedora-gcc 2.0.3 120.87 NOTE
r-devel-windows-x86_64 2.0.3 10.00 91.00 101.00 NOTE
r-patched-linux-x86_64 2.0.3 6.50 80.64 87.14 OK
r-release-linux-x86_64 2.0.3 6.17 81.38 87.55 OK
r-release-macos-arm64 2.0.3 41.00 OK
r-release-macos-x86_64 2.0.3 105.00 OK
r-release-windows-x86_64 2.0.3 11.00 103.00 114.00 OK
r-oldrel-macos-arm64 2.0.3 40.00 OK
r-oldrel-windows-x86_64 2.0.3 13.00 98.00 111.00 OK

Check Details

Version: 2.0.3
Check: Rd files
Result: NOTE checkRd: (-1) conn.Rd:300: Lost braces 300 | Soranno et al. (2017) \doi{10.1093/gigascience/gix101}{Gigascience 6:12} | ^ checkRd: (-1) lakes_limno.Rd:36: Lost braces 36 | Soranno et al. (2017) \doi{10.1093/gigascience/gix101}{Gigascience 6:12} | ^ Flavors: r-devel-linux-x86_64-debian-clang, r-devel-linux-x86_64-debian-gcc, r-devel-linux-x86_64-fedora-clang, r-devel-linux-x86_64-fedora-gcc, r-devel-windows-x86_64