CRAN Package Check Results for Package LDAShiny

Last updated on 2022-01-17 19:49:39 CET.

Flavor Version Tinstall Tcheck Ttotal Status Flags
r-devel-linux-x86_64-debian-clang 0.9.3 4.05 46.02 50.07 OK
r-devel-linux-x86_64-debian-gcc 0.9.3 2.13 36.54 38.67 OK
r-devel-linux-x86_64-fedora-clang 0.9.3 65.86 NOTE
r-devel-linux-x86_64-fedora-gcc 0.9.3 50.84 NOTE
r-devel-windows-x86_64-new-UL 0.9.3 23.00 75.00 98.00 OK
r-devel-windows-x86_64-new-TK 0.9.3 NOTE
r-patched-linux-x86_64 0.9.3 4.39 45.14 49.53 OK
r-release-linux-x86_64 0.9.3 OK
r-release-macos-arm64 0.9.3 NOTE
r-release-macos-x86_64 0.9.3 NOTE
r-release-windows-ix86+x86_64 0.9.3 14.00 67.00 81.00 OK
r-oldrel-macos-x86_64 0.9.3 NOTE
r-oldrel-windows-ix86+x86_64 0.9.3 12.00 64.00 76.00 OK

Check Details

Version: 0.9.3
Check: package dependencies
Result: NOTE
    Imports includes 25 non-default packages.
    Importing from so many packages makes the package vulnerable to any of
    them becoming unavailable. Move as many as possible to Suggests and
    use conditionally.
Flavor: r-devel-linux-x86_64-fedora-clang

Version: 0.9.3
Check: dependencies in R code
Result: NOTE
    Namespaces in Imports field not imported from:
     ‘DT’ ‘SnowballC’ ‘beepr’ ‘broom’ ‘chinese.misc’ ‘dplyr’ ‘highcharter’
     ‘htmlwidgets’ ‘ldatuning’ ‘parallel’ ‘plotly’ ‘purrr’ ‘quanteda’
     ‘shinyBS’ ‘shinyWidgets’ ‘shinyalert’ ‘shinycssloaders’ ‘shinyjs’
     ‘stringr’ ‘textmineR’ ‘tidyr’ ‘tidytext’ ‘topicmodels’
     All declared Imports should be used.
Flavors: r-devel-linux-x86_64-fedora-clang, r-devel-linux-x86_64-fedora-gcc, r-devel-windows-x86_64-new-TK, r-release-macos-arm64, r-release-macos-x86_64, r-oldrel-macos-x86_64