CRAN Package Check Results for Package LFDREmpiricalBayes

Last updated on 2024-02-29 00:00:35 CET.

Flavor Version Tinstall Tcheck Ttotal Status Flags
r-devel-linux-x86_64-debian-clang 1.0 2.58 38.72 41.30 OK
r-devel-linux-x86_64-debian-gcc 1.0 1.77 25.73 27.50 OK
r-devel-linux-x86_64-fedora-clang 1.0 53.50 OK
r-devel-linux-x86_64-fedora-gcc 1.0 54.54 OK
r-devel-windows-x86_64 1.0 2.00 71.00 73.00 OK
r-patched-linux-x86_64 1.0 2.31 37.77 40.08 OK
r-release-linux-x86_64 1.0 2.07 32.28 34.35 OK
r-release-macos-arm64 1.0 32.00 OK
r-release-macos-x86_64 1.0 47.00 OK
r-release-windows-x86_64 1.0 4.00 76.00 80.00 OK
r-oldrel-macos-arm64 1.0 22.00 NOTE
r-oldrel-windows-x86_64 1.0 4.00 70.00 74.00 OK

Check Details

Version: 1.0
Check: re-building of vignette outputs
Result: NOTE Error(s) in re-building vignettes: ... --- re-building ‘LFDREmpiricalBayes.Rnw’ using Sweave Error: processing vignette 'LFDREmpiricalBayes.Rnw' failed with diagnostics: chunk 4 (label = generating artificial SNPs) Error in library(LFDR.MLE) : there is no package called ‘LFDR.MLE’ --- failed re-building ‘LFDREmpiricalBayes.Rnw’ SUMMARY: processing the following file failed: ‘LFDREmpiricalBayes.Rnw’ Error: Vignette re-building failed. Execution halted Flavor: r-oldrel-macos-arm64