CRAN Package Check Results for Package LFDREmpiricalBayes

Last updated on 2021-12-01 03:55:32 CET.

Flavor Version Tinstall Tcheck Ttotal Status Flags
r-devel-linux-x86_64-debian-clang 1.0 2.24 35.62 37.86 OK
r-devel-linux-x86_64-debian-gcc 1.0 1.77 31.22 32.99 OK
r-devel-linux-x86_64-fedora-clang 1.0 63.63 OK
r-devel-linux-x86_64-fedora-gcc 1.0 50.35 OK
r-devel-windows-x86_64-new-UL 1.0 7.00 108.00 115.00 OK
r-devel-windows-x86_64-new-TK 1.0 OK
r-devel-windows-x86_64-old 1.0 4.00 52.00 56.00 OK
r-patched-linux-x86_64 1.0 1.98 34.23 36.21 OK
r-patched-solaris-x86 1.0 78.60 OK
r-release-linux-x86_64 1.0 2.29 35.71 38.00 OK
r-release-macos-arm64 1.0 OK
r-release-macos-x86_64 1.0 ERROR
r-release-windows-ix86+x86_64 1.0 5.00 48.00 53.00 OK
r-oldrel-macos-x86_64 1.0 OK
r-oldrel-windows-ix86+x86_64 1.0 4.00 58.00 62.00 OK

Check Details

Version: 1.0
Check: examples
Result: ERROR
    Running examples in ‘LFDREmpiricalBayes-Ex.R’ failed
    The error most likely occurred in:
    
    > ### Name: ME.log
    > ### Title: Provides Reliable LFDR Estimates by Selecting an Appropriate
    > ### Reference Class
    > ### Aliases: ME.log
    > ### Keywords: Maximum Entropy Method LFDR Estimation Maximum Likelihood
    > ### Reference Class Separate Reference Class Combined Reference Class
    > ### Maximum Likelihood Estimation
    >
    > ### ** Examples
    >
    > #import the function ``lfdr.mle'' from package``LFDR.MLE''
    > library(LFDR.MLE)
    Error in library(LFDR.MLE) : there is no package called ‘LFDR.MLE’
    Execution halted
Flavor: r-release-macos-x86_64