Last updated on 2023-12-06 11:52:29 CET.
Flavor | Version | Tinstall | Tcheck | Ttotal | Status | Flags |
---|---|---|---|---|---|---|
r-devel-linux-x86_64-debian-clang | 1.2.1 | 2.88 | 37.09 | 39.97 | OK | |
r-devel-linux-x86_64-debian-gcc | 1.2.1 | 3.25 | 28.60 | 31.85 | OK | |
r-devel-linux-x86_64-fedora-clang | 1.2.1 | 53.68 | OK | |||
r-devel-linux-x86_64-fedora-gcc | 1.2.1 | 49.39 | OK | |||
r-devel-windows-x86_64 | 1.2.1 | 5.00 | 56.00 | 61.00 | OK | |
r-patched-linux-x86_64 | 1.2.1 | 10.68 | 36.29 | 46.97 | OK | |
r-release-linux-x86_64 | 1.2.1 | 2.48 | 35.95 | 38.43 | OK | |
r-release-macos-arm64 | 1.2.1 | 21.00 | OK | |||
r-release-macos-x86_64 | 1.2.1 | 33.00 | NOTE | |||
r-release-windows-x86_64 | 1.2.1 | 6.00 | 58.00 | 64.00 | OK | |
r-oldrel-macos-arm64 | 1.2.1 | 24.00 | OK | |||
r-oldrel-macos-x86_64 | 1.2.1 | 35.00 | OK | |||
r-oldrel-windows-x86_64 | 1.2.1 | 6.00 | 63.00 | 69.00 | OK |
Version: 1.2.1
Check: package dependencies
Result: NOTE
Package suggested but not available for checking: ‘LSDsensitivity’
Flavor: r-release-macos-x86_64
Version: 1.2.1
Check: Rd cross-references
Result: NOTE
Package unavailable to check Rd xrefs: ‘LSDsensitivity’
Flavor: r-release-macos-x86_64