CRAN Package Check Results for Package LaplacesDemon

Last updated on 2022-01-17 15:51:44 CET.

Flavor Version Tinstall Tcheck Ttotal Status Flags
r-devel-linux-x86_64-debian-clang 16.1.6 61.47 279.45 340.92 OK
r-devel-linux-x86_64-debian-gcc 16.1.6 44.81 208.74 253.55 OK
r-devel-linux-x86_64-fedora-clang 16.1.6 413.38 OK
r-devel-linux-x86_64-fedora-gcc 16.1.6 404.30 OK
r-devel-windows-x86_64-new-UL 16.1.6 645.00 350.00 995.00 OK
r-devel-windows-x86_64-new-TK 16.1.6 OK
r-patched-linux-x86_64 16.1.6 64.56 279.62 344.18 OK
r-release-linux-x86_64 16.1.6 OK
r-release-macos-arm64 16.1.6 NOTE
r-release-macos-x86_64 16.1.6 OK
r-release-windows-ix86+x86_64 16.1.6 72.00 304.00 376.00 OK
r-oldrel-macos-x86_64 16.1.6 OK
r-oldrel-windows-ix86+x86_64 16.1.6 72.00 300.00 372.00 OK

Check Details

Version: 16.1.6
Check: installed package size
Result: NOTE
     installed size is 5.4Mb
     sub-directories of 1Mb or more:
     R 2.0Mb
     doc 1.7Mb
     help 1.1Mb
Flavor: r-release-macos-arm64