CRAN Package Check Results for Package LeArEst

Last updated on 2024-02-29 00:00:35 CET.

Flavor Version Tinstall Tcheck Ttotal Status Flags
r-devel-linux-x86_64-debian-clang 1.0.0 4.98 34.16 39.14 NOTE
r-devel-linux-x86_64-debian-gcc 1.0.0 4.14 25.84 29.98 NOTE
r-devel-linux-x86_64-fedora-clang 1.0.0 49.94 NOTE
r-devel-linux-x86_64-fedora-gcc 1.0.0 45.71 NOTE
r-devel-windows-x86_64 1.0.0 5.00 48.00 53.00 NOTE
r-patched-linux-x86_64 1.0.0 5.58 33.97 39.55 NOTE
r-release-linux-x86_64 1.0.0 4.56 33.74 38.30 NOTE
r-release-macos-arm64 1.0.0 22.00 NOTE
r-release-macos-x86_64 1.0.0 27.00 NOTE
r-release-windows-x86_64 1.0.0 7.00 47.00 54.00 NOTE
r-oldrel-macos-arm64 1.0.0 18.00 NOTE
r-oldrel-windows-x86_64 1.0.0 7.00 52.00 59.00 NOTE

Check Details

Version: 1.0.0
Check: LazyData
Result: NOTE 'LazyData' is specified without a 'data' directory Flavors: r-devel-linux-x86_64-debian-clang, r-devel-linux-x86_64-debian-gcc, r-devel-linux-x86_64-fedora-clang, r-devel-linux-x86_64-fedora-gcc, r-devel-windows-x86_64, r-patched-linux-x86_64, r-release-linux-x86_64, r-release-macos-arm64, r-release-macos-x86_64, r-release-windows-x86_64, r-oldrel-macos-arm64, r-oldrel-windows-x86_64