CRAN Package Check Results for Package Luminescence

Last updated on 2021-10-23 05:02:40 CEST.

Flavor Version Tinstall Tcheck Ttotal Status Flags
r-devel-linux-x86_64-debian-clang 0.9.15 117.49 509.10 626.59 OK
r-devel-linux-x86_64-debian-gcc 0.9.15 96.48 369.37 465.85 OK
r-devel-linux-x86_64-fedora-clang 0.9.15 783.29 NOTE
r-devel-linux-x86_64-fedora-gcc 0.9.15 765.89 OK
r-devel-windows-x86_64 0.9.15 179.00 590.00 769.00 NOTE
r-devel-windows-x86_64-gcc10-UCRT 0.9.15 OK
r-patched-linux-x86_64 0.9.15 123.22 486.13 609.35 OK
r-patched-solaris-x86 0.9.15 840.20 OK
r-release-linux-x86_64 0.9.15 108.38 487.33 595.71 OK
r-release-macos-arm64 0.9.15 NOTE
r-release-macos-x86_64 0.9.15 NOTE
r-release-windows-ix86+x86_64 0.9.15 190.00 850.00 1040.00 NOTE
r-oldrel-macos-x86_64 0.9.15 NOTE
r-oldrel-windows-ix86+x86_64 0.9.15 243.00 619.00 862.00 NOTE

Check Details

Version: 0.9.15
Check: installed package size
Result: NOTE
     installed size is 6.0Mb
     sub-directories of 1Mb or more:
     R 1.7Mb
     help 1.2Mb
     libs 1.9Mb
Flavors: r-devel-linux-x86_64-fedora-clang, r-devel-windows-x86_64, r-release-macos-arm64, r-release-macos-x86_64, r-release-windows-ix86+x86_64, r-oldrel-macos-x86_64, r-oldrel-windows-ix86+x86_64

Version: 0.9.15
Check: package dependencies
Result: NOTE
    Package suggested but not available for checking: ‘rjags’
Flavor: r-release-macos-arm64

Version: 0.9.15
Check: Rd cross-references
Result: NOTE
    Package unavailable to check Rd xrefs: ‘rjags’
Flavor: r-release-macos-arm64