Last updated on 2023-09-30 01:50:00 CEST.
Flavor | Version | Tinstall | Tcheck | Ttotal | Status | Flags |
---|---|---|---|---|---|---|
r-devel-linux-x86_64-debian-clang | 2.0 | 5.89 | 49.02 | 54.91 | NOTE | |
r-devel-linux-x86_64-debian-gcc | 2.0 | 2.84 | 36.19 | 39.03 | NOTE | |
r-devel-linux-x86_64-fedora-clang | 2.0 | 66.36 | NOTE | |||
r-devel-linux-x86_64-fedora-gcc | 2.0 | 82.55 | NOTE | |||
r-devel-windows-x86_64 | 2.0 | 6.00 | 60.00 | 66.00 | NOTE | |
r-patched-linux-x86_64 | 2.0 | 4.42 | 46.71 | 51.13 | NOTE | |
r-release-linux-x86_64 | 2.0 | 5.07 | 47.36 | 52.43 | NOTE | |
r-release-macos-arm64 | 2.0 | 32.00 | NOTE | |||
r-release-macos-x86_64 | 2.0 | 44.00 | NOTE | |||
r-release-windows-x86_64 | 2.0 | 7.00 | 64.00 | 71.00 | NOTE | |
r-oldrel-macos-arm64 | 2.0 | 28.00 | NOTE | |||
r-oldrel-macos-x86_64 | 2.0 | 45.00 | NOTE | |||
r-oldrel-windows-x86_64 | 2.0 | 10.00 | 68.00 | 78.00 | NOTE |
Version: 2.0
Check: LazyData
Result: NOTE
'LazyData' is specified without a 'data' directory
Flavors: r-devel-linux-x86_64-debian-clang, r-devel-linux-x86_64-debian-gcc, r-devel-linux-x86_64-fedora-clang, r-devel-linux-x86_64-fedora-gcc, r-devel-windows-x86_64, r-patched-linux-x86_64, r-release-linux-x86_64, r-release-macos-arm64, r-release-macos-x86_64, r-release-windows-x86_64, r-oldrel-macos-arm64, r-oldrel-macos-x86_64, r-oldrel-windows-x86_64