Last updated on 2023-03-25 19:54:08 CET.
Flavor | Version | Tinstall | Tcheck | Ttotal | Status | Flags |
---|---|---|---|---|---|---|
r-devel-linux-x86_64-debian-clang | 1.2.0 | 102.06 | 364.67 | 466.73 | NOTE | |
r-devel-linux-x86_64-debian-gcc | 1.2.0 | 90.34 | 276.72 | 367.06 | NOTE | |
r-devel-linux-x86_64-fedora-gcc | 1.2.0 | 616.00 | NOTE | |||
r-devel-windows-x86_64 | 1.2.0 | 125.00 | 420.00 | 545.00 | NOTE | |
r-patched-linux-x86_64 | 1.2.0 | 92.12 | 345.43 | 437.55 | OK | |
r-release-linux-x86_64 | 1.2.0 | 86.09 | 342.20 | 428.29 | OK | |
r-release-macos-arm64 | 1.2.0 | 5.00 | ERROR | |||
r-release-macos-x86_64 | 1.2.0 | 198.00 | NOTE | |||
r-release-windows-x86_64 | 1.2.0 | 145.00 | 422.00 | 567.00 | NOTE | |
r-oldrel-macos-arm64 | 1.2.0 | 142.00 | NOTE | |||
r-oldrel-macos-x86_64 | 1.2.0 | 184.00 | NOTE | |||
r-oldrel-windows-ix86+x86_64 | 1.2.0 | 252.00 | 533.00 | 785.00 | NOTE |
Version: 1.2.0
Check: C++ specification
Result: NOTE
Specified C++11: please drop specification unless essential
Flavors: r-devel-linux-x86_64-debian-clang, r-devel-linux-x86_64-debian-gcc, r-devel-linux-x86_64-fedora-gcc, r-devel-windows-x86_64
Version: 1.2.0
Check: package dependencies
Result: NOTE
Package suggested but not available for checking: 'doMC'
Flavors: r-devel-windows-x86_64, r-release-windows-x86_64, r-oldrel-windows-ix86+x86_64
Version: 1.2.0
Check: package dependencies
Result: ERROR
Packages required but not available: 'SeqArray', 'GMMAT'
See section ‘The DESCRIPTION file’ in the ‘Writing R Extensions’
manual.
Flavor: r-release-macos-arm64
Version: 1.2.0
Check: installed package size
Result: NOTE
installed size is 7.9Mb
sub-directories of 1Mb or more:
data 1.1Mb
libs 5.6Mb
Flavors: r-release-macos-x86_64, r-oldrel-macos-arm64, r-oldrel-macos-x86_64, r-oldrel-windows-ix86+x86_64