Last updated on 2023-03-29 20:54:38 CEST.
Flavor | Version | Tinstall | Tcheck | Ttotal | Status | Flags |
---|---|---|---|---|---|---|
r-devel-linux-x86_64-debian-clang | 1.1.2 | 48.11 | 51.76 | 99.87 | NOTE | |
r-devel-linux-x86_64-debian-gcc | 1.1.2 | 35.22 | 40.77 | 75.99 | NOTE | |
r-devel-linux-x86_64-fedora-clang | 1.1.2 | 135.09 | NOTE | |||
r-devel-linux-x86_64-fedora-gcc | 1.1.2 | 140.51 | NOTE | |||
r-devel-windows-x86_64 | 1.1.2 | 61.00 | 106.00 | 167.00 | NOTE | |
r-patched-linux-x86_64 | 1.1.2 | 32.35 | 51.87 | 84.22 | NOTE | |
r-release-linux-x86_64 | 1.1.2 | 34.96 | 53.25 | 88.21 | OK | |
r-release-macos-arm64 | 1.1.2 | 43.00 | OK | |||
r-release-macos-x86_64 | 1.1.2 | 52.00 | OK | |||
r-release-windows-x86_64 | 1.1.2 | 41.00 | 105.00 | 146.00 | OK | |
r-oldrel-macos-arm64 | 1.1.2 | 47.00 | NOTE | |||
r-oldrel-macos-x86_64 | 1.1.2 | 79.00 | OK | |||
r-oldrel-windows-ix86+x86_64 | 1.1.2 | 97.00 | 121.00 | 218.00 | OK |
Version: 1.1.2
Check: C++ specification
Result: NOTE
Specified C++11: please drop specification unless essential
Flavors: r-devel-linux-x86_64-debian-clang, r-devel-linux-x86_64-debian-gcc, r-devel-linux-x86_64-fedora-clang, r-devel-linux-x86_64-fedora-gcc, r-devel-windows-x86_64, r-patched-linux-x86_64
Version: 1.1.2
Check: installed package size
Result: NOTE
installed size is 5.0Mb
sub-directories of 1Mb or more:
libs 4.5Mb
Flavor: r-oldrel-macos-arm64