CRAN Package Check Results for Package MBHdesign

Last updated on 2021-09-23 12:57:56 CEST.

Flavor Version Tinstall Tcheck Ttotal Status Flags
r-devel-linux-x86_64-debian-clang 2.1.9 8.83 121.93 130.76 OK
r-devel-linux-x86_64-debian-gcc 2.1.9 7.27 94.21 101.48 OK
r-devel-linux-x86_64-fedora-clang 2.1.9 163.07 OK
r-devel-linux-x86_64-fedora-gcc 2.1.9 156.45 OK
r-devel-windows-x86_64 2.1.9 11.00 513.00 524.00 OK
r-devel-windows-x86_64-gcc10-UCRT 2.1.9 ERROR
r-patched-linux-x86_64 2.1.9 8.15 119.03 127.18 OK
r-patched-solaris-x86 2.1.9 961.20 OK
r-release-linux-x86_64 2.1.9 8.28 117.47 125.75 OK
r-release-macos-arm64 2.1.8 OK
r-release-macos-x86_64 2.1.9 OK
r-release-windows-ix86+x86_64 2.1.9 29.00 638.00 667.00 OK
r-oldrel-macos-x86_64 2.1.9 OK
r-oldrel-windows-ix86+x86_64 2.1.9 17.00 568.00 585.00 OK

Check Details

Version: 2.1.9
Check: package dependencies
Result: NOTE
    Package suggested but not available for checking: 'spsurvey'
Flavor: r-devel-windows-x86_64-gcc10-UCRT

Version: 2.1.9
Check: re-building of vignette outputs
Result: WARN
    Error(s) in re-building vignettes:
    --- re-building 'MBHdesign.Rnw' using knitr
    Quitting from lines 198-211 (MBHdesign.Rnw)
    Error: processing vignette 'MBHdesign.Rnw' failed with diagnostics:
    there is no package called 'spsurvey'
    --- failed re-building 'MBHdesign.Rnw'
    
    SUMMARY: processing the following file failed:
     'MBHdesign.Rnw'
    
    Error: Vignette re-building failed.
    Execution halted
Flavor: r-devel-windows-x86_64-gcc10-UCRT

Version: 2.1.9
Check: PDF version of manual
Result: WARN
    LaTeX errors when creating PDF version.
    This typically indicates Rd problems.
Flavor: r-devel-windows-x86_64-gcc10-UCRT

Version: 2.1.9
Check: PDF version of manual without hyperrefs or index
Result: ERROR
    Re-running with no redirection of stdout/stderr.
Flavor: r-devel-windows-x86_64-gcc10-UCRT