Last updated on 2023-03-29 16:50:19 CEST.
Flavor | Version | Tinstall | Tcheck | Ttotal | Status | Flags |
---|---|---|---|---|---|---|
r-devel-linux-x86_64-debian-clang | 0.4.0 | 102.56 | 80.59 | 183.15 | NOTE | |
r-devel-linux-x86_64-debian-gcc | 0.4.0 | 79.93 | 63.52 | 143.45 | NOTE | |
r-devel-linux-x86_64-fedora-clang | 0.4.0 | 267.14 | NOTE | |||
r-devel-linux-x86_64-fedora-gcc | 0.4.0 | 259.37 | NOTE | |||
r-devel-windows-x86_64 | 0.4.0 | 103.00 | 0.00 | 103.00 | NOTE | |
r-patched-linux-x86_64 | 0.4.0 | 81.13 | 81.12 | 162.25 | NOTE | |
r-release-linux-x86_64 | 0.4.0 | 83.98 | 79.07 | 163.05 | NOTE | |
r-release-macos-arm64 | 0.4.0 | 63.00 | NOTE | |||
r-release-macos-x86_64 | 0.4.0 | 84.00 | NOTE | |||
r-release-windows-x86_64 | 0.4.0 | 90.00 | 130.00 | 220.00 | NOTE | |
r-oldrel-macos-arm64 | 0.4.0 | 69.00 | NOTE | |||
r-oldrel-macos-x86_64 | 0.4.0 | 125.00 | NOTE | |||
r-oldrel-windows-ix86+x86_64 | 0.4.0 | 223.00 | 154.00 | 377.00 | NOTE |
Version: 0.4.0
Check: C++ specification
Result: NOTE
Specified C++11: please drop specification unless essential
Flavors: r-devel-linux-x86_64-debian-clang, r-devel-linux-x86_64-debian-gcc, r-devel-linux-x86_64-fedora-clang, r-devel-linux-x86_64-fedora-gcc, r-devel-windows-x86_64, r-patched-linux-x86_64
Version: 0.4.0
Check: LazyData
Result: NOTE
'LazyData' is specified without a 'data' directory
Flavors: r-devel-linux-x86_64-debian-clang, r-devel-linux-x86_64-debian-gcc, r-devel-linux-x86_64-fedora-clang, r-devel-linux-x86_64-fedora-gcc, r-devel-windows-x86_64, r-patched-linux-x86_64, r-release-linux-x86_64, r-release-macos-arm64, r-release-macos-x86_64, r-release-windows-x86_64, r-oldrel-macos-arm64, r-oldrel-macos-x86_64, r-oldrel-windows-ix86+x86_64
Version: 0.4.0
Check: Rd cross-references
Result: NOTE
Undeclared package ‘coda’ in Rd xrefs
Flavor: r-devel-linux-x86_64-fedora-clang
Version: 0.4.0
Check: installed package size
Result: NOTE
installed size is 17.1Mb
sub-directories of 1Mb or more:
libs 16.6Mb
Flavors: r-release-macos-arm64, r-release-macos-x86_64, r-oldrel-macos-arm64, r-oldrel-macos-x86_64