CRAN Package Check Results for Package MCSim

Last updated on 2022-01-26 23:50:23 CET.

Flavor Version Tinstall Tcheck Ttotal Status Flags
r-devel-linux-x86_64-debian-clang 1.0 1.90 32.78 34.68 NOTE
r-devel-linux-x86_64-debian-gcc 1.0 1.66 25.49 27.15 NOTE
r-devel-linux-x86_64-fedora-clang 1.0 43.93 NOTE
r-devel-linux-x86_64-fedora-gcc 1.0 31.70 NOTE
r-devel-windows-x86_64-new-UL 1.0 15.00 50.00 65.00 NOTE
r-devel-windows-x86_64-new-TK 1.0 NOTE
r-patched-linux-x86_64 1.0 1.63 30.83 32.46 NOTE
r-release-linux-x86_64 1.0 1.85 31.16 33.01 NOTE
r-release-macos-arm64 1.0 NOTE
r-release-macos-x86_64 1.0 NOTE
r-release-windows-ix86+x86_64 1.0 6.00 39.00 45.00 NOTE
r-oldrel-macos-x86_64 1.0 OK
r-oldrel-windows-ix86+x86_64 1.0 6.00 39.00 45.00 OK

Check Details

Version: 1.0
Check: LazyData
Result: NOTE
     'LazyData' is specified without a 'data' directory
Flavors: r-devel-linux-x86_64-debian-clang, r-devel-linux-x86_64-debian-gcc, r-devel-linux-x86_64-fedora-clang, r-devel-linux-x86_64-fedora-gcc, r-devel-windows-x86_64-new-UL, r-devel-windows-x86_64-new-TK, r-patched-linux-x86_64, r-release-linux-x86_64, r-release-macos-arm64, r-release-macos-x86_64, r-release-windows-ix86+x86_64