Last updated on 2023-09-27 21:01:28 CEST.
Flavor | Version | Tinstall | Tcheck | Ttotal | Status | Flags |
---|---|---|---|---|---|---|
r-devel-linux-x86_64-debian-clang | 1.0.1 | 7.65 | 73.47 | 81.12 | OK | |
r-devel-linux-x86_64-debian-gcc | 1.0.1 | 5.10 | 52.39 | 57.49 | OK | |
r-devel-linux-x86_64-fedora-clang | 1.0.1 | 95.59 | NOTE | |||
r-devel-linux-x86_64-fedora-gcc | 1.0.1 | 112.32 | OK | |||
r-devel-windows-x86_64 | 1.0.1 | 8.00 | 82.00 | 90.00 | NOTE | |
r-patched-linux-x86_64 | 1.0.1 | 10.36 | 70.01 | 80.37 | OK | |
r-release-linux-x86_64 | 1.0.1 | 5.81 | 68.55 | 74.36 | OK | |
r-release-macos-arm64 | 1.0.1 | 36.00 | NOTE | |||
r-release-macos-x86_64 | 1.0.1 | 61.00 | NOTE | |||
r-release-windows-x86_64 | 1.0.1 | 10.00 | 95.00 | 105.00 | NOTE | |
r-oldrel-macos-arm64 | 1.0.1 | 36.00 | NOTE | |||
r-oldrel-macos-x86_64 | 1.0.1 | 48.00 | NOTE | |||
r-oldrel-windows-x86_64 | 1.0.1 | 11.00 | 90.00 | 101.00 | NOTE |
Version: 1.0.1
Check: installed package size
Result: NOTE
installed size is 7.6Mb
sub-directories of 1Mb or more:
doc 1.9Mb
extdata 5.3Mb
Flavors: r-devel-linux-x86_64-fedora-clang, r-devel-windows-x86_64, r-release-macos-arm64, r-release-macos-x86_64, r-release-windows-x86_64, r-oldrel-macos-arm64, r-oldrel-macos-x86_64, r-oldrel-windows-x86_64