CRAN Package Check Results for Package MDplot

Last updated on 2024-07-16 00:56:04 CEST.

Flavor Version Tinstall Tcheck Ttotal Status Flags
r-devel-linux-x86_64-debian-clang 1.0.1 8.12 71.32 79.44 OK
r-devel-linux-x86_64-debian-gcc 1.0.1 5.53 53.36 58.89 OK
r-devel-linux-x86_64-fedora-clang 1.0.1 99.44 NOTE
r-devel-linux-x86_64-fedora-gcc 1.0.1 108.26 OK
r-devel-windows-x86_64 1.0.1 8.00 85.00 93.00 NOTE
r-patched-linux-x86_64 1.0.1 6.90 67.83 74.73 OK
r-release-linux-x86_64 1.0.1 6.31 69.53 75.84 OK
r-release-macos-arm64 1.0.1 37.00 NOTE
r-release-macos-x86_64 1.0.1 58.00 NOTE
r-release-windows-x86_64 1.0.1 8.00 85.00 93.00 NOTE
r-oldrel-macos-arm64 1.0.1 36.00 NOTE
r-oldrel-macos-x86_64 1.0.1 61.00 NOTE
r-oldrel-windows-x86_64 1.0.1 9.00 91.00 100.00 NOTE

Check Details

Version: 1.0.1
Check: installed package size
Result: NOTE installed size is 7.6Mb sub-directories of 1Mb or more: doc 1.9Mb extdata 5.3Mb Flavors: r-devel-linux-x86_64-fedora-clang, r-devel-windows-x86_64, r-release-macos-arm64, r-release-macos-x86_64, r-release-windows-x86_64, r-oldrel-macos-arm64, r-oldrel-macos-x86_64, r-oldrel-windows-x86_64

Version: 1.0.1
Check: Rd cross-references
Result: NOTE Found the following Rd file(s) with Rd \link{} targets missing package anchors: ramachandran.Rd: hist2d Please provide package anchors for all Rd \link{} targets not in the package itself and the base packages. Flavor: r-devel-windows-x86_64