CRAN Package Check Results for Package MEGENA

Last updated on 2021-10-16 20:50:49 CEST.

Flavor Version Tinstall Tcheck Ttotal Status Flags
r-devel-linux-x86_64-debian-clang 1.3.7 38.27 189.42 227.69 NOTE
r-devel-linux-x86_64-debian-gcc 1.3.7 31.53 140.72 172.25 NOTE
r-devel-linux-x86_64-fedora-clang 1.3.7 289.81 NOTE
r-devel-linux-x86_64-fedora-gcc 1.3.7 289.70 NOTE
r-devel-windows-x86_64 1.3.7 63.00 214.00 277.00 OK
r-devel-windows-x86_64-gcc10-UCRT 1.3.7 OK
r-patched-linux-x86_64 1.3.7 33.68 180.09 213.77 NOTE
r-patched-solaris-x86 1.3.7 513.30 NOTE
r-release-linux-x86_64 1.3.7 38.22 178.96 217.18 NOTE
r-release-macos-arm64 1.3.7 OK
r-release-macos-x86_64 1.3.7 OK
r-release-windows-ix86+x86_64 1.3.7 98.00 323.00 421.00 OK
r-oldrel-macos-x86_64 1.3.7 OK
r-oldrel-windows-ix86+x86_64 1.3.7 100.00 327.00 427.00 OK

Check Details

Version: 1.3.7
Check: for non-standard things in the check directory
Result: NOTE
    Found the following files/directories:
     'Data_Correlation.txt' 'correlation_FDR_table.txt'
Flavors: r-devel-linux-x86_64-debian-clang, r-devel-linux-x86_64-debian-gcc, r-devel-linux-x86_64-fedora-clang, r-devel-linux-x86_64-fedora-gcc, r-patched-linux-x86_64, r-patched-solaris-x86, r-release-linux-x86_64