Last updated on 2023-03-28 09:53:51 CEST.
Flavor | Version | Tinstall | Tcheck | Ttotal | Status | Flags |
---|---|---|---|---|---|---|
r-devel-linux-x86_64-debian-clang | 1.0.0 | 43.76 | 51.44 | 95.20 | NOTE | |
r-devel-linux-x86_64-debian-gcc | 1.0.0 | 40.32 | 39.05 | 79.37 | NOTE | |
r-devel-linux-x86_64-fedora-clang | 1.0.0 | 153.89 | NOTE | |||
r-devel-linux-x86_64-fedora-gcc | 1.0.0 | 154.30 | NOTE | |||
r-devel-windows-x86_64 | 1.0.0 | 66.00 | 117.00 | 183.00 | NOTE | |
r-patched-linux-x86_64 | 1.0.0 | 46.32 | 49.68 | 96.00 | NOTE | |
r-release-linux-x86_64 | 1.0.0 | 39.46 | 50.13 | 89.59 | OK | |
r-release-macos-arm64 | 1.0.0 | 37.00 | OK | |||
r-release-macos-x86_64 | 1.0.0 | 50.00 | OK | |||
r-release-windows-x86_64 | 1.0.0 | 59.00 | 117.00 | 176.00 | OK | |
r-oldrel-macos-arm64 | 1.0.0 | 40.00 | OK | |||
r-oldrel-macos-x86_64 | 1.0.0 | 52.00 | OK | |||
r-oldrel-windows-ix86+x86_64 | 1.0.0 | 127.00 | 110.00 | 237.00 | OK |
Version: 1.0.0
Check: C++ specification
Result: NOTE
Specified C++11: please drop specification unless essential
Flavors: r-devel-linux-x86_64-debian-clang, r-devel-linux-x86_64-debian-gcc, r-devel-linux-x86_64-fedora-clang, r-devel-linux-x86_64-fedora-gcc, r-devel-windows-x86_64, r-patched-linux-x86_64