Last updated on 2023-06-06 21:00:58 CEST.
Flavor | Version | Tinstall | Tcheck | Ttotal | Status | Flags |
---|---|---|---|---|---|---|
r-devel-linux-x86_64-debian-clang | 1.9 | 12.72 | 110.79 | 123.51 | OK | |
r-devel-linux-x86_64-debian-gcc | 1.9 | 7.98 | 81.67 | 89.65 | OK | |
r-devel-linux-x86_64-fedora-clang | 1.9 | 162.75 | NOTE | |||
r-devel-linux-x86_64-fedora-gcc | 1.9 | 164.06 | OK | |||
r-devel-windows-x86_64 | 1.9 | 11.00 | 110.00 | 121.00 | OK | |
r-patched-linux-x86_64 | 1.9 | 12.27 | 104.94 | 117.21 | OK | |
r-release-linux-x86_64 | 1.9 | 10.16 | 103.62 | 113.78 | OK | |
r-release-macos-arm64 | 1.9 | 51.00 | OK | |||
r-release-macos-x86_64 | 1.9 | 88.00 | NOTE | |||
r-release-windows-x86_64 | 1.9 | 14.00 | 130.00 | 144.00 | OK | |
r-oldrel-macos-arm64 | 1.9 | 53.00 | OK | |||
r-oldrel-macos-x86_64 | 1.9 | 62.00 | OK | |||
r-oldrel-windows-x86_64 | 1.9 | 14.00 | 134.00 | 148.00 | OK |
Version: 1.9
Check: Rd cross-references
Result: NOTE
Undeclared packages ‘rms’, ‘Hmisc’, ‘genefilter’ in Rd xrefs
Flavor: r-devel-linux-x86_64-fedora-clang
Version: 1.9
Check: Rd cross-references
Result: NOTE
Package unavailable to check Rd xrefs: ‘genefilter’
Flavor: r-release-macos-x86_64