Last updated on 2023-06-11 01:53:39 CEST.
Flavor | Version | Tinstall | Tcheck | Ttotal | Status | Flags |
---|---|---|---|---|---|---|
r-devel-linux-x86_64-debian-clang | 1.0.1 | 6.32 | 107.77 | 114.09 | OK | |
r-devel-linux-x86_64-debian-gcc | 1.0.1 | 7.33 | 83.61 | 90.94 | OK | |
r-devel-linux-x86_64-fedora-clang | 1.0.1 | 145.08 | NOTE | |||
r-devel-linux-x86_64-fedora-gcc | 1.0.1 | 155.91 | NOTE | |||
r-devel-windows-x86_64 | 1.0.1 | 9.00 | 107.00 | 116.00 | OK | |
r-patched-linux-x86_64 | 1.0.1 | 9.02 | 104.50 | 113.52 | OK | |
r-release-linux-x86_64 | 1.0.1 | 6.98 | 106.49 | 113.47 | OK | |
r-release-macos-arm64 | 1.0.1 | 63.00 | OK | |||
r-release-macos-x86_64 | 1.0.1 | 91.00 | OK | |||
r-release-windows-x86_64 | 1.0.1 | 13.00 | 124.00 | 137.00 | OK | |
r-oldrel-macos-arm64 | 1.0.1 | 52.00 | NOTE | |||
r-oldrel-macos-x86_64 | 1.0.1 | 83.00 | NOTE | |||
r-oldrel-windows-x86_64 | 1.0.1 | 14.00 | 122.00 | 136.00 | OK |
Version: 1.0.1
Check: dependencies in R code
Result: NOTE
Namespace in Imports field not imported from: ‘nlme’
All declared Imports should be used.
Flavors: r-devel-linux-x86_64-fedora-clang, r-devel-linux-x86_64-fedora-gcc, r-oldrel-macos-arm64, r-oldrel-macos-x86_64