CRAN Package Check Results for Package MLMusingR

Last updated on 2023-11-30 11:49:33 CET.

Flavor Version Tinstall Tcheck Ttotal Status Flags
r-devel-linux-x86_64-debian-clang 0.3.0 14.23 103.64 117.87 NOTE
r-devel-linux-x86_64-debian-gcc 0.3.0 10.83 77.32 88.15 NOTE
r-devel-linux-x86_64-fedora-clang 0.3.0 145.53 OK
r-devel-linux-x86_64-fedora-gcc 0.3.0 143.52 OK
r-devel-windows-x86_64 0.3.0 13.00 89.00 102.00 OK
r-patched-linux-x86_64 0.3.0 9.19 98.47 107.66 OK
r-release-linux-x86_64 0.3.0 9.90 98.19 108.09 OK
r-release-macos-arm64 0.3.0 48.00 OK
r-release-macos-x86_64 0.3.0 72.00 OK
r-release-windows-x86_64 0.3.0 16.00 103.00 119.00 OK
r-oldrel-macos-arm64 0.3.0 44.00 OK
r-oldrel-macos-x86_64 0.3.0 61.00 OK
r-oldrel-windows-x86_64 0.3.0 16.00 108.00 124.00 OK

Check Details

Version: 0.3.0
Check: Rd files
Result: NOTE checkRd: (-1) hdp.Rd:19: Lost braces 19 | \item{BMI}{Body mass index given by the formula (frac{kg}{meters^2}.} | ^ checkRd: (-1) hdp.Rd:19: Lost braces 19 | \item{BMI}{Body mass index given by the formula (frac{kg}{meters^2}.} | ^ Flavors: r-devel-linux-x86_64-debian-clang, r-devel-linux-x86_64-debian-gcc