Last updated on 2023-06-11 01:53:39 CEST.
Flavor | Version | Tinstall | Tcheck | Ttotal | Status | Flags |
---|---|---|---|---|---|---|
r-devel-linux-x86_64-debian-clang | 3.0.2 | 80.26 | 112.98 | 193.24 | OK | |
r-devel-linux-x86_64-debian-gcc | 3.0.2 | 67.19 | 84.67 | 151.86 | OK | |
r-devel-linux-x86_64-fedora-clang | 3.0.2 | 236.37 | OK | |||
r-devel-linux-x86_64-fedora-gcc | 3.0.2 | 252.84 | OK | |||
r-devel-windows-x86_64 | 3.0.2 | 55.00 | 113.00 | 168.00 | OK | |
r-patched-linux-x86_64 | 3.0.2 | 72.92 | 106.03 | 178.95 | OK | |
r-release-linux-x86_64 | 3.0.2 | 69.44 | 106.87 | 176.31 | OK | |
r-release-macos-arm64 | 3.0.2 | 73.00 | NOTE | |||
r-release-macos-x86_64 | 3.0.2 | 115.00 | NOTE | |||
r-release-windows-x86_64 | 3.0.2 | 70.00 | 137.00 | 207.00 | OK | |
r-oldrel-macos-arm64 | 3.0.2 | 98.00 | NOTE | |||
r-oldrel-macos-x86_64 | 3.0.2 | 90.00 | NOTE | |||
r-oldrel-windows-x86_64 | 3.0.2 | 65.00 | 133.00 | 198.00 | OK |
Version: 3.0.2
Check: installed package size
Result: NOTE
installed size is 22.1Mb
sub-directories of 1Mb or more:
libs 21.4Mb
Flavors: r-release-macos-arm64, r-release-macos-x86_64, r-oldrel-macos-arm64, r-oldrel-macos-x86_64