Last updated on 2023-06-05 16:55:00 CEST.
Flavor | Version | Tinstall | Tcheck | Ttotal | Status | Flags |
---|---|---|---|---|---|---|
r-devel-linux-x86_64-debian-clang | 1.0.0 | 3.31 | 70.54 | 73.85 | NOTE | |
r-devel-linux-x86_64-debian-gcc | 1.0.0 | 2.79 | 52.85 | 55.64 | NOTE | |
r-devel-linux-x86_64-fedora-clang | 1.0.0 | 90.20 | NOTE | |||
r-devel-linux-x86_64-fedora-gcc | 1.0.0 | 97.31 | NOTE | |||
r-devel-windows-x86_64 | 1.0.0 | 5.00 | 66.00 | 71.00 | NOTE | |
r-patched-linux-x86_64 | 1.0.0 | 3.92 | 66.90 | 70.82 | NOTE | |
r-release-linux-x86_64 | 1.0.0 | 3.67 | 65.56 | 69.23 | NOTE | |
r-release-macos-arm64 | 1.0.0 | 33.00 | NOTE | |||
r-release-macos-x86_64 | 1.0.0 | 57.00 | NOTE | |||
r-release-windows-x86_64 | 1.0.0 | 6.00 | 80.00 | 86.00 | NOTE | |
r-oldrel-macos-arm64 | 1.0.0 | 29.00 | NOTE | |||
r-oldrel-macos-x86_64 | 1.0.0 | 39.00 | NOTE | |||
r-oldrel-windows-x86_64 | 1.0.0 | 5.00 | 84.00 | 89.00 | NOTE |
Version: 1.0.0
Check: LazyData
Result: NOTE
'LazyData' is specified without a 'data' directory
Flavors: r-devel-linux-x86_64-debian-clang, r-devel-linux-x86_64-debian-gcc, r-devel-linux-x86_64-fedora-clang, r-devel-linux-x86_64-fedora-gcc, r-devel-windows-x86_64, r-patched-linux-x86_64, r-release-linux-x86_64, r-release-macos-arm64, r-release-macos-x86_64, r-release-windows-x86_64, r-oldrel-macos-arm64, r-oldrel-macos-x86_64, r-oldrel-windows-x86_64