CRAN Package Check Results for Package MOCCA

Last updated on 2021-09-21 04:55:20 CEST.

Flavor Version Tinstall Tcheck Ttotal Status Flags
r-devel-linux-x86_64-debian-clang 1.4 2.62 45.50 48.12 OK
r-devel-linux-x86_64-debian-gcc 1.4 1.86 33.06 34.92 OK
r-devel-linux-x86_64-fedora-clang 1.4 61.80 OK
r-devel-linux-x86_64-fedora-gcc 1.4 52.11 OK
r-devel-windows-x86_64 1.4 5.00 50.00 55.00 OK
r-devel-windows-x86_64-gcc10-UCRT 1.4 ERROR
r-patched-linux-x86_64 1.4 2.11 42.25 44.36 OK
r-patched-solaris-x86 1.4 78.80 OK
r-release-linux-x86_64 1.4 2.64 42.15 44.79 OK
r-release-macos-arm64 1.4 OK
r-release-macos-x86_64 1.4 OK
r-release-windows-ix86+x86_64 1.4 6.00 64.00 70.00 OK
r-oldrel-macos-x86_64 1.4 OK
r-oldrel-windows-ix86+x86_64 1.4 6.00 52.00 58.00 OK

Check Details

Version: 1.4
Check: whether package can be installed
Result: WARN
    Found the following significant warnings:
     WARNING: installation-time patches will not be applied, could not get the patches index
Flavor: r-devel-windows-x86_64-gcc10-UCRT

Version: 1.4
Check: PDF version of manual
Result: WARN
    LaTeX errors when creating PDF version.
    This typically indicates Rd problems.
Flavor: r-devel-windows-x86_64-gcc10-UCRT

Version: 1.4
Check: PDF version of manual without hyperrefs or index
Result: ERROR
    Re-running with no redirection of stdout/stderr.
Flavor: r-devel-windows-x86_64-gcc10-UCRT