Last updated on 2023-05-28 04:56:21 CEST.
Flavor | Version | Tinstall | Tcheck | Ttotal | Status | Flags |
---|---|---|---|---|---|---|
r-devel-linux-x86_64-debian-clang | 3.0 | 30.62 | 155.31 | 185.93 | OK | |
r-devel-linux-x86_64-debian-gcc | 3.0 | 24.93 | 112.00 | 136.93 | OK | |
r-devel-linux-x86_64-fedora-clang | 3.0 | 231.80 | NOTE | |||
r-devel-linux-x86_64-fedora-gcc | 3.0 | 236.80 | NOTE | |||
r-devel-windows-x86_64 | 3.0 | 28.00 | 108.00 | 136.00 | OK | |
r-patched-linux-x86_64 | 3.0 | 30.83 | 140.91 | 171.74 | OK | |
r-release-linux-x86_64 | 3.0 | 28.33 | 144.84 | 173.17 | OK | |
r-release-macos-arm64 | 3.0 | 60.00 | OK | |||
r-release-macos-x86_64 | 3.0 | 93.00 | OK | |||
r-release-windows-x86_64 | 3.0 | 38.00 | 135.00 | 173.00 | OK | |
r-oldrel-macos-arm64 | 3.0 | 53.00 | NOTE | |||
r-oldrel-macos-x86_64 | 3.0 | 87.00 | NOTE | |||
r-oldrel-windows-x86_64 | 3.0 | 38.00 | 139.00 | 177.00 | OK |
Version: 3.0
Check: dependencies in R code
Result: NOTE
Namespaces in Imports field not imported from:
‘datasets’ ‘grDevices’ ‘graphics’ ‘iterators’ ‘methods’
All declared Imports should be used.
Flavors: r-devel-linux-x86_64-fedora-clang, r-devel-linux-x86_64-fedora-gcc, r-oldrel-macos-arm64, r-oldrel-macos-x86_64