CRAN Package Check Results for Package MarginalMediation

Last updated on 2021-11-29 07:51:14 CET.

Flavor Version Tinstall Tcheck Ttotal Status Flags
r-devel-linux-x86_64-debian-clang 0.7.0 NOTE
r-devel-linux-x86_64-debian-gcc 0.7.0 3.55 74.98 78.53 NOTE
r-devel-linux-x86_64-fedora-clang 0.7.0 142.93 NOTE
r-devel-linux-x86_64-fedora-gcc 0.7.0 123.28 NOTE
r-devel-windows-x86_64-new-UL 0.7.0 13.00 143.00 156.00 NOTE
r-devel-windows-x86_64-new-TK 0.7.0 NOTE
r-devel-windows-x86_64-old 0.7.0 8.00 108.00 116.00 NOTE
r-patched-linux-x86_64 0.7.0 5.07 94.90 99.97 NOTE
r-patched-solaris-x86 0.7.0 108.30 NOTE
r-release-linux-x86_64 0.7.0 5.37 96.35 101.72 NOTE
r-release-macos-arm64 0.7.0 NOTE
r-release-macos-x86_64 0.7.0 NOTE
r-release-windows-ix86+x86_64 0.7.0 13.00 134.00 147.00 NOTE
r-oldrel-macos-x86_64 0.7.0 NOTE
r-oldrel-windows-ix86+x86_64 0.7.0 18.00 128.00 146.00 OK

Check Details

Version: 0.7.0
Check: LazyData
Result: NOTE
     'LazyData' is specified without a 'data' directory
Flavors: r-devel-linux-x86_64-debian-clang, r-devel-linux-x86_64-debian-gcc, r-devel-linux-x86_64-fedora-clang, r-devel-linux-x86_64-fedora-gcc, r-devel-windows-x86_64-new-UL, r-devel-windows-x86_64-new-TK, r-devel-windows-x86_64-old, r-patched-linux-x86_64, r-patched-solaris-x86, r-release-linux-x86_64, r-release-macos-arm64, r-release-macos-x86_64, r-release-windows-ix86+x86_64

Version: 0.7.0
Check: dependencies in R code
Result: NOTE
    Namespace in Imports field not imported from: ‘betareg’
     All declared Imports should be used.
Flavors: r-devel-linux-x86_64-fedora-clang, r-devel-linux-x86_64-fedora-gcc, r-devel-windows-x86_64-new-TK, r-patched-solaris-x86, r-release-macos-arm64, r-release-macos-x86_64, r-oldrel-macos-x86_64