CRAN Package Check Results for Package MatchIt

Last updated on 2021-09-17 16:50:15 CEST.

Flavor Version Tinstall Tcheck Ttotal Status Flags
r-devel-linux-x86_64-debian-clang 4.3.0 68.78 227.83 296.61 NOTE
r-devel-linux-x86_64-debian-gcc 4.3.0 48.45 171.16 219.61 NOTE
r-devel-linux-x86_64-fedora-clang 4.3.0 387.02 NOTE
r-devel-linux-x86_64-fedora-gcc 4.3.0 274.64 NOTE
r-devel-windows-x86_64 4.3.0 74.00 232.00 306.00 NOTE
r-devel-windows-x86_64-gcc10-UCRT 4.3.0 NOTE
r-patched-linux-x86_64 4.3.0 57.17 224.56 281.73 NOTE
r-patched-solaris-x86 4.3.0 201.00 NOTE
r-release-linux-x86_64 4.3.0 57.00 229.27 286.27 NOTE
r-release-macos-arm64 4.2.0 NOTE
r-release-macos-x86_64 4.3.0 NOTE
r-release-windows-ix86+x86_64 4.3.0 143.00 305.00 448.00 NOTE
r-oldrel-macos-x86_64 4.3.0 NOTE
r-oldrel-windows-ix86+x86_64 4.3.0 164.00 351.00 515.00 NOTE

Check Details

Version: 4.3.0
Check: package dependencies
Result: NOTE
    Package suggested but not available for checking: 'gurobi'
Flavors: r-devel-linux-x86_64-debian-clang, r-devel-linux-x86_64-debian-gcc, r-devel-linux-x86_64-fedora-clang, r-devel-linux-x86_64-fedora-gcc, r-devel-windows-x86_64, r-devel-windows-x86_64-gcc10-UCRT, r-patched-linux-x86_64, r-release-linux-x86_64, r-release-macos-x86_64, r-release-windows-ix86+x86_64, r-oldrel-macos-x86_64, r-oldrel-windows-ix86+x86_64

Version: 4.3.0
Check: package dependencies
Result: NOTE
    Packages suggested but not available for checking: 'Rsymphony', 'gurobi'
Flavor: r-patched-solaris-x86

Version: 4.2.0
Check: installed package size
Result: NOTE
     installed size is 5.3Mb
     sub-directories of 1Mb or more:
     doc 1.4Mb
     libs 2.9Mb
Flavor: r-release-macos-arm64